Last updated on 2025-05-01 14:49:05 CEST.
Flavor | Version | Tinstall | Tcheck | Ttotal | Status | Flags |
---|---|---|---|---|---|---|
r-devel-linux-x86_64-debian-clang | 1.8.4 | 8.93 | 70.16 | 79.09 | NOTE | |
r-devel-linux-x86_64-debian-gcc | 1.8.4 | 6.19 | 51.82 | 58.01 | NOTE | |
r-devel-linux-x86_64-fedora-clang | 1.8.4 | 122.88 | OK | |||
r-devel-linux-x86_64-fedora-gcc | 1.8.4 | 124.97 | OK | |||
r-devel-windows-x86_64 | 1.8.4 | 11.00 | 77.00 | 88.00 | OK | |
r-patched-linux-x86_64 | 1.8.4 | 9.48 | 66.20 | 75.68 | OK | |
r-release-linux-x86_64 | OK | |||||
r-release-macos-arm64 | 1.8.4 | 44.00 | OK | |||
r-release-macos-x86_64 | 1.8.4 | 83.00 | OK | |||
r-release-windows-x86_64 | 1.8.4 | 11.00 | 80.00 | 91.00 | OK | |
r-oldrel-macos-arm64 | 1.8.4 | 39.00 | OK | |||
r-oldrel-macos-x86_64 | 1.8.4 | 56.00 | OK | |||
r-oldrel-windows-x86_64 | 1.8.4 | 15.00 | 95.00 | 110.00 | OK |
Version: 1.8.4
Check: CRAN incoming feasibility
Result: NOTE
Maintainer: ‘Fabio Ashtar Telarico <telaricof@fdv.uni-lj.si>’
Package CITATION file contains call(s) to old-style citEntry(). Please
use bibentry() instead.
Flavors: r-devel-linux-x86_64-debian-clang, r-devel-linux-x86_64-debian-gcc
These binaries (installable software) and packages are in development.
They may not be fully stable and should be used with caution. We make no claims about them.