CRAN Package Check Results for Package BlockmodelingGUI

Last updated on 2025-07-25 11:49:51 CEST.

Flavor Version Tinstall Tcheck Ttotal Status Flags
r-devel-linux-x86_64-debian-clang 1.8.4 9.68 70.43 80.11 NOTE
r-devel-linux-x86_64-debian-gcc 1.8.4 6.87 52.99 59.86 NOTE
r-devel-linux-x86_64-fedora-clang 1.8.4 124.19 OK
r-devel-linux-x86_64-fedora-gcc 1.8.4 115.84 OK
r-devel-windows-x86_64 1.8.4 10.00 81.00 91.00 OK
r-patched-linux-x86_64 1.8.4 7.86 66.18 74.04 OK
r-release-linux-x86_64 1.8.4 8.88 66.64 75.52 OK
r-release-macos-arm64 1.8.4 44.00 OK
r-release-macos-x86_64 1.8.4 83.00 OK
r-release-windows-x86_64 1.8.4 10.00 80.00 90.00 OK
r-oldrel-macos-arm64 1.8.4 39.00 OK
r-oldrel-macos-x86_64 1.8.4 56.00 OK
r-oldrel-windows-x86_64 1.8.4 14.00 98.00 112.00 OK

Check Details

Version: 1.8.4
Check: CRAN incoming feasibility
Result: NOTE Maintainer: ‘Fabio Ashtar Telarico <telaricof@fdv.uni-lj.si>’ Package CITATION file contains call(s) to old-style citEntry(). Please use bibentry() instead. Flavors: r-devel-linux-x86_64-debian-clang, r-devel-linux-x86_64-debian-gcc

These binaries (installable software) and packages are in development.
They may not be fully stable and should be used with caution. We make no claims about them.