CRAN Package Check Results for Package BoSSA

Last updated on 2025-07-23 21:51:38 CEST.

Flavor Version Tinstall Tcheck Ttotal Status Flags
r-devel-linux-x86_64-debian-clang 3.7 10.86 119.53 130.39 NOTE
r-devel-linux-x86_64-debian-gcc 3.7 7.94 87.92 95.86 NOTE
r-devel-linux-x86_64-fedora-clang 3.7 205.95 OK
r-devel-linux-x86_64-fedora-gcc 3.7 207.18 OK
r-devel-windows-x86_64 3.7 12.00 126.00 138.00 OK
r-patched-linux-x86_64 3.7 10.91 112.90 123.81 OK
r-release-linux-x86_64 3.7 10.56 113.84 124.40 OK
r-release-macos-arm64 3.7 80.00 OK
r-release-macos-x86_64 3.7 139.00 OK
r-release-windows-x86_64 3.7 12.00 131.00 143.00 OK
r-oldrel-macos-arm64 3.7 61.00 OK
r-oldrel-macos-x86_64 3.7 138.00 OK
r-oldrel-windows-x86_64 3.7 16.00 169.00 185.00 OK

Check Details

Version: 3.7
Check: CRAN incoming feasibility
Result: NOTE Maintainer: ‘Pierre Lefeuvre <pierre.lefeuvre@cirad.fr>’ No Authors@R field in DESCRIPTION. Please add one, modifying Authors@R: person(given = "Pierre", family = "Lefeuvre", role = c("aut", "cre"), email = "pierre.lefeuvre@cirad.fr") as necessary. Flavors: r-devel-linux-x86_64-debian-clang, r-devel-linux-x86_64-debian-gcc

These binaries (installable software) and packages are in development.
They may not be fully stable and should be used with caution. We make no claims about them.