CRAN Package Check Results for Package BoardGames

Last updated on 2025-11-11 17:49:53 CET.

Flavor Version Tinstall Tcheck Ttotal Status Flags
r-devel-linux-x86_64-debian-clang 1.0.0 1.93 19.04 20.97 OK
r-devel-linux-x86_64-debian-gcc 1.0.0 1.54 15.54 17.08 OK
r-devel-linux-x86_64-fedora-clang 1.0.0 31.15 OK
r-devel-linux-x86_64-fedora-gcc 1.0.0 29.68 OK
r-devel-windows-x86_64 1.0.0 5.00 35.00 40.00 OK
r-patched-linux-x86_64 1.0.0 1.96 18.11 20.07 OK
r-release-linux-x86_64 1.0.0 2.03 18.20 20.23 OK
r-release-macos-arm64 1.0.0 1.00 14.00 15.00 OK
r-release-macos-x86_64 1.0.0 2.00 21.00 23.00 OK
r-release-windows-x86_64 1.0.0 3.00 34.00 37.00 OK
r-oldrel-macos-arm64 1.0.0 1.00 19.00 20.00 NOTE
r-oldrel-macos-x86_64 1.0.0 2.00 17.00 19.00 NOTE
r-oldrel-windows-x86_64 1.0.0 4.00 36.00 40.00 NOTE

Check Details

Version: 1.0.0
Check: LazyData
Result: NOTE 'LazyData' is specified without a 'data' directory Flavors: r-oldrel-macos-arm64, r-oldrel-macos-x86_64, r-oldrel-windows-x86_64

These binaries (installable software) and packages are in development.
They may not be fully stable and should be used with caution. We make no claims about them.