Last updated on 2025-10-23 17:50:43 CEST.
Flavor | Version | Tinstall | Tcheck | Ttotal | Status | Flags |
---|---|---|---|---|---|---|
r-devel-linux-x86_64-debian-clang | 0.2.42 | 4.69 | 43.47 | 48.16 | NOTE | |
r-devel-linux-x86_64-debian-gcc | 0.2.42 | 3.55 | 31.70 | 35.25 | OK | |
r-devel-linux-x86_64-fedora-clang | 0.2.42 | 11.00 | 61.36 | 72.36 | OK | |
r-devel-linux-x86_64-fedora-gcc | 0.2.42 | 70.19 | OK | |||
r-devel-windows-x86_64 | 0.2.42 | 7.00 | 63.00 | 70.00 | OK | |
r-patched-linux-x86_64 | 0.2.42 | 5.87 | 40.07 | 45.94 | OK | |
r-release-linux-x86_64 | 0.2.42 | 5.08 | 41.10 | 46.18 | OK | |
r-release-macos-arm64 | 0.2.42 | 2.00 | 21.00 | 23.00 | OK | |
r-release-macos-x86_64 | 0.2.42 | 5.00 | 41.00 | 46.00 | OK | |
r-release-windows-x86_64 | 0.2.42 | 6.00 | 65.00 | 71.00 | OK | |
r-oldrel-macos-arm64 | 0.2.42 | 2.00 | 26.00 | 28.00 | OK | |
r-oldrel-macos-x86_64 | 0.2.42 | 3.00 | 200.00 | 203.00 | OK | |
r-oldrel-windows-x86_64 | 0.2.42 | 8.00 | 78.00 | 86.00 | OK |
Version: 0.2.42
Check: HTML version of manual
Result: NOTE
Found the following HTML validation problems:
as.data.frame.Bolstad.html:51:1 (as.data.frame.Bolstad.Rd:12): Warning: missing </ul> before </div>
lines.Bolstad.html:52:1 (lines.Bolstad.Rd:12): Warning: missing </ul> before </div>
print.sintegral.html:52:1 (print.sintegral.Rd:12): Warning: missing </ul> before </div>
sd.html:50:1 (sd.Rd:12): Warning: missing </ul> before </div>
var.html:50:1 (var.Rd:12): Warning: missing </ul> before </div>
Flavor: r-devel-linux-x86_64-debian-clang
These binaries (installable software) and packages are in development.
They may not be fully stable and should be used with caution. We make no claims about them.