Last updated on 2025-10-23 21:51:22 CEST.
| Flavor | Version | Tinstall | Tcheck | Ttotal | Status | Flags |
|---|---|---|---|---|---|---|
| r-devel-linux-x86_64-debian-clang | 1.0-29 | 3.72 | 38.03 | 41.75 | NOTE | |
| r-devel-linux-x86_64-debian-gcc | 1.0-29 | 1.99 | 28.74 | 30.73 | NOTE | |
| r-devel-linux-x86_64-fedora-clang | 1.0-29 | 61.59 | OK | |||
| r-devel-linux-x86_64-fedora-gcc | 1.0-29 | 60.49 | OK | |||
| r-devel-windows-x86_64 | 1.0-29 | 6.00 | 64.00 | 70.00 | OK | |
| r-patched-linux-x86_64 | 1.0-29 | 3.51 | 36.05 | 39.56 | OK | |
| r-release-linux-x86_64 | 1.0-29 | 3.04 | 36.55 | 39.59 | OK | |
| r-release-macos-arm64 | 1.0-29 | 2.00 | 22.00 | 24.00 | OK | |
| r-release-macos-x86_64 | 1.0-29 | 3.00 | 37.00 | 40.00 | OK | |
| r-release-windows-x86_64 | 1.0-29 | 5.00 | 67.00 | 72.00 | OK | |
| r-oldrel-macos-arm64 | 1.0-29 | 2.00 | 25.00 | 27.00 | OK | |
| r-oldrel-macos-x86_64 | 1.0-29 | 3.00 | 30.00 | 33.00 | OK | |
| r-oldrel-windows-x86_64 | 1.0-29 | 6.00 | 62.00 | 68.00 | OK |
Version: 1.0-29
Check: CRAN incoming feasibility
Result: NOTE
Maintainer: ‘James Curran <j.curran@auckland.ac.nz>’
No Authors@R field in DESCRIPTION.
Please add one, modifying
Authors@R: person(given = "James",
family = "Curran",
role = c("aut", "cre"),
email = "j.curran@auckland.ac.nz")
as necessary.
Flavors: r-devel-linux-x86_64-debian-clang, r-devel-linux-x86_64-debian-gcc
These binaries (installable software) and packages are in development.
They may not be fully stable and should be used with caution. We make no claims about them.