Last updated on 2025-05-01 17:55:58 CEST.
Flavor | Version | Tinstall | Tcheck | Ttotal | Status | Flags |
---|---|---|---|---|---|---|
r-devel-linux-x86_64-debian-clang | 1.0-29 | 3.19 | 35.67 | 38.86 | NOTE | |
r-devel-linux-x86_64-debian-gcc | 1.0-29 | 2.47 | 26.81 | 29.28 | NOTE | |
r-devel-linux-x86_64-fedora-clang | 1.0-29 | 61.13 | OK | |||
r-devel-linux-x86_64-fedora-gcc | 1.0-29 | 62.96 | OK | |||
r-devel-windows-x86_64 | 1.0-29 | 4.00 | 65.00 | 69.00 | OK | |
r-patched-linux-x86_64 | 1.0-29 | 3.78 | 34.15 | 37.93 | OK | |
r-release-linux-x86_64 | OK | |||||
r-release-macos-arm64 | 1.0-29 | 24.00 | OK | |||
r-release-macos-x86_64 | 1.0-29 | 40.00 | OK | |||
r-release-windows-x86_64 | 1.0-29 | 5.00 | 67.00 | 72.00 | OK | |
r-oldrel-macos-arm64 | 1.0-29 | 27.00 | OK | |||
r-oldrel-macos-x86_64 | 1.0-29 | 33.00 | OK | |||
r-oldrel-windows-x86_64 | 1.0-29 | 6.00 | 62.00 | 68.00 | OK |
Version: 1.0-29
Check: CRAN incoming feasibility
Result: NOTE
Maintainer: ‘James Curran <j.curran@auckland.ac.nz>’
No Authors@R field in DESCRIPTION.
Please add one, modifying
Authors@R: person(given = "James",
family = "Curran",
role = c("aut", "cre"),
email = "j.curran@auckland.ac.nz")
as necessary.
Flavors: r-devel-linux-x86_64-debian-clang, r-devel-linux-x86_64-debian-gcc
These binaries (installable software) and packages are in development.
They may not be fully stable and should be used with caution. We make no claims about them.