Last updated on 2025-11-11 17:49:53 CET.
| Flavor | Version | Tinstall | Tcheck | Ttotal | Status | Flags |
|---|---|---|---|---|---|---|
| r-devel-linux-x86_64-debian-clang | 1.0 | 4.49 | 69.88 | 74.37 | NOTE | |
| r-devel-linux-x86_64-debian-gcc | 1.0 | 4.51 | 51.81 | 56.32 | NOTE | |
| r-devel-linux-x86_64-fedora-clang | 1.0 | 16.00 | 112.92 | 128.92 | OK | |
| r-devel-linux-x86_64-fedora-gcc | 1.0 | 13.00 | 112.26 | 125.26 | OK | |
| r-devel-windows-x86_64 | 1.0 | 3.00 | 7.00 | 10.00 | ERROR | |
| r-patched-linux-x86_64 | 1.0 | 5.96 | 66.15 | 72.11 | OK | |
| r-release-linux-x86_64 | 1.0 | 5.08 | 65.36 | 70.44 | OK | |
| r-release-macos-arm64 | 1.0 | 3.00 | 34.00 | 37.00 | OK | |
| r-release-macos-x86_64 | 1.0 | 4.00 | 101.00 | 105.00 | OK | |
| r-release-windows-x86_64 | 1.0 | 3.00 | 5.00 | 8.00 | ERROR | |
| r-oldrel-macos-arm64 | 1.0 | 2.00 | 39.00 | 41.00 | OK | |
| r-oldrel-macos-x86_64 | 1.0 | 4.00 | 93.00 | 97.00 | OK | |
| r-oldrel-windows-x86_64 | 1.0 | 7.00 | 88.00 | 95.00 | OK |
Version: 1.0
Check: CRAN incoming feasibility
Result: NOTE
Maintainer: ‘Dongmei Li <dongmei_li@urmc.rochester.edu>’
No Authors@R field in DESCRIPTION.
Please add one, modifying
Authors@R: person(given = "Dongmei",
family = "Li",
role = c("aut", "cre"),
email = "dongmei_li@urmc.rochester.edu")
as necessary.
Found the following \keyword or \concept entries
which likely give several index terms:
File ‘BonEV-package.Rd’:
\keyword{multiple testing procedure, false discove [TRUNCATED]
Flavors: r-devel-linux-x86_64-debian-clang, r-devel-linux-x86_64-debian-gcc
Version: 1.0
Check: whether package can be installed
Result: ERROR
Installation failed.
Flavors: r-devel-windows-x86_64, r-release-windows-x86_64
These binaries (installable software) and packages are in development.
They may not be fully stable and should be used with caution. We make no claims about them.