Last updated on 2024-07-27 15:50:12 CEST.
Flavor | Version | Tinstall | Tcheck | Ttotal | Status | Flags |
---|---|---|---|---|---|---|
r-devel-linux-x86_64-debian-clang | 0.9.15 | 2046.21 | 49.72 | 2095.93 | NOTE | |
r-devel-linux-x86_64-debian-gcc | 0.9.15 | NOTE | ||||
r-devel-linux-x86_64-fedora-clang | 0.9.15 | 3730.58 | NOTE | |||
r-devel-linux-x86_64-fedora-gcc | 0.9.15 | 3486.35 | NOTE | |||
r-devel-windows-x86_64 | 0.9.15 | 1747.00 | 81.00 | 1828.00 | NOTE | |
r-patched-linux-x86_64 | 0.9.15 | NOTE | ||||
r-release-linux-x86_64 | 0.9.15 | 1817.24 | 66.96 | 1884.20 | NOTE | |
r-release-macos-arm64 | 0.9.15 | 515.00 | NOTE | |||
r-release-macos-x86_64 | 0.9.15 | 359.00 | NOTE | |||
r-release-windows-x86_64 | 0.9.15 | 1749.00 | 80.00 | 1829.00 | NOTE | |
r-oldrel-macos-arm64 | 0.9.15 | 596.00 | NOTE | |||
r-oldrel-macos-x86_64 | 0.9.15 | 460.00 | NOTE | |||
r-oldrel-windows-x86_64 | 0.9.15 | 1669.00 | 90.00 | 1759.00 | NOTE |
Version: 0.9.15
Check: for GNU extensions in Makefiles
Result: NOTE
GNU make is a SystemRequirements.
Flavors: r-devel-linux-x86_64-debian-clang, r-devel-linux-x86_64-debian-gcc, r-devel-linux-x86_64-fedora-clang, r-devel-linux-x86_64-fedora-gcc, r-devel-windows-x86_64, r-patched-linux-x86_64, r-release-linux-x86_64, r-release-macos-arm64, r-release-macos-x86_64, r-release-windows-x86_64, r-oldrel-macos-arm64, r-oldrel-macos-x86_64, r-oldrel-windows-x86_64
Version: 0.9.15
Check: installed package size
Result: NOTE
installed size is 46.5Mb
sub-directories of 1Mb or more:
include 10.7Mb
lib 35.4Mb
Flavors: r-devel-linux-x86_64-fedora-clang, r-devel-windows-x86_64, r-release-macos-arm64, r-release-macos-x86_64, r-release-windows-x86_64, r-oldrel-macos-arm64, r-oldrel-macos-x86_64, r-oldrel-windows-x86_64
These binaries (installable software) and packages are in development.
They may not be fully stable and should be used with caution. We make no claims about them.