Last updated on 2025-02-16 12:53:29 CET.
Flavor | Version | Tinstall | Tcheck | Ttotal | Status | Flags |
---|---|---|---|---|---|---|
r-devel-linux-x86_64-debian-clang | 1.2.6 | 41.57 | 90.29 | 131.86 | NOTE | |
r-devel-linux-x86_64-debian-gcc | 1.2.6 | 32.09 | 61.40 | 93.49 | NOTE | |
r-devel-linux-x86_64-fedora-clang | 1.2.6 | 242.62 | OK | |||
r-devel-linux-x86_64-fedora-gcc | 1.2.6 | 233.53 | OK | |||
r-devel-macos-arm64 | 1.2.6 | 72.00 | OK | |||
r-devel-macos-x86_64 | 1.2.6 | 118.00 | OK | |||
r-devel-windows-x86_64 | 1.2.6 | 50.00 | 188.00 | 238.00 | NOTE | |
r-patched-linux-x86_64 | 1.2.6 | 43.71 | 86.81 | 130.52 | OK | |
r-release-linux-x86_64 | 1.2.6 | 40.73 | 86.16 | 126.89 | OK | |
r-release-macos-arm64 | 1.2.6 | 70.00 | NOTE | |||
r-release-macos-x86_64 | 1.2.6 | 91.00 | NOTE | |||
r-release-windows-x86_64 | 1.2.6 | 49.00 | 193.00 | 242.00 | OK | |
r-oldrel-macos-arm64 | 1.2.6 | 73.00 | NOTE | |||
r-oldrel-macos-x86_64 | 1.2.6 | 150.00 | NOTE | |||
r-oldrel-windows-x86_64 | 1.2.6 | 59.00 | 216.00 | 275.00 | OK |
Version: 1.2.6
Check: Rd cross-references
Result: NOTE
Found the following Rd file(s) with Rd \link{} targets missing package
anchors:
nnet.Rd: MvnPrior
suggest.burn.Rd: SuggestBurnLogLikelihood
Please provide package anchors for all Rd \link{} targets not in the
package itself and the base packages.
Flavors: r-devel-linux-x86_64-debian-clang, r-devel-linux-x86_64-debian-gcc, r-devel-windows-x86_64
Version: 1.2.6
Check: installed package size
Result: NOTE
installed size is 93.4Mb
sub-directories of 1Mb or more:
libs 92.8Mb
Flavors: r-release-macos-arm64, r-release-macos-x86_64, r-oldrel-macos-arm64, r-oldrel-macos-x86_64
These binaries (installable software) and packages are in development.
They may not be fully stable and should be used with caution. We make no claims about them.