CRAN Package Check Results for Package BoostMLR

Last updated on 2025-05-01 10:50:05 CEST.

Flavor Version Tinstall Tcheck Ttotal Status Flags
r-devel-linux-x86_64-debian-clang 1.0.3 60.11 34.68 94.79 NOTE
r-devel-linux-x86_64-debian-gcc 1.0.3 46.63 26.55 73.18 NOTE
r-devel-linux-x86_64-fedora-clang 1.0.3 145.27 OK
r-devel-linux-x86_64-fedora-gcc 1.0.3 175.61 OK
r-devel-windows-x86_64 1.0.3 55.00 79.00 134.00 OK
r-patched-linux-x86_64 1.0.3 60.29 33.13 93.42 OK
r-release-linux-x86_64 OK
r-release-macos-arm64 1.0.3 49.00 OK
r-release-macos-x86_64 1.0.3 65.00 OK
r-release-windows-x86_64 1.0.3 57.00 81.00 138.00 OK
r-oldrel-macos-arm64 1.0.3 36.00 OK
r-oldrel-macos-x86_64 1.0.3 51.00 NOTE
r-oldrel-windows-x86_64 1.0.3 69.00 88.00 157.00 OK

Check Details

Version: 1.0.3
Check: CRAN incoming feasibility
Result: NOTE Maintainer: ‘Amol Pande <amoljpande@gmail.com>’ No Authors@R field in DESCRIPTION. Please add one, modifying Authors@R: c(person(given = "Amol", family = "Pande", role = c("aut", "cre"), email = "amoljpande@gmail.com"), person(given = "Hemant", family = "Ishwaran", role = "aut")) as necessary. Package CITATION file contains call(s) to old-style personList() or as.personList(). Please use c() on person objects instead. Package CITATION file contains call(s) to old-style citEntry(). Please use bibentry() instead. Flavors: r-devel-linux-x86_64-debian-clang, r-devel-linux-x86_64-debian-gcc

Version: 1.0.3
Check: installed package size
Result: NOTE installed size is 5.1Mb sub-directories of 1Mb or more: libs 4.7Mb Flavor: r-oldrel-macos-x86_64

These binaries (installable software) and packages are in development.
They may not be fully stable and should be used with caution. We make no claims about them.