Last updated on 2025-10-23 23:49:24 CEST.
| Flavor | Version | Tinstall | Tcheck | Ttotal | Status | Flags |
|---|---|---|---|---|---|---|
| r-devel-linux-x86_64-debian-clang | 1.2.1 | 2.78 | 31.80 | 34.58 | NOTE | |
| r-devel-linux-x86_64-debian-gcc | 1.2.1 | 2.18 | 27.45 | 29.63 | NOTE | |
| r-devel-linux-x86_64-fedora-clang | 1.2.1 | 53.27 | OK | |||
| r-devel-linux-x86_64-fedora-gcc | 1.2.1 | 54.72 | OK | |||
| r-devel-windows-x86_64 | 1.2.1 | 4.00 | 57.00 | 61.00 | OK | |
| r-patched-linux-x86_64 | 1.2.1 | 3.18 | 32.03 | 35.21 | OK | |
| r-release-linux-x86_64 | 1.2.1 | 2.66 | 32.20 | 34.86 | OK | |
| r-release-macos-arm64 | 1.2.1 | 2.00 | 23.00 | 25.00 | OK | |
| r-release-macos-x86_64 | 1.2.1 | 2.00 | 43.00 | 45.00 | OK | |
| r-release-windows-x86_64 | 1.2.1 | 5.00 | 61.00 | 66.00 | OK | |
| r-oldrel-macos-arm64 | 1.2.1 | 2.00 | 21.00 | 23.00 | OK | |
| r-oldrel-macos-x86_64 | 1.2.1 | 2.00 | 36.00 | 38.00 | OK | |
| r-oldrel-windows-x86_64 | 1.2.1 | 5.00 | 68.00 | 73.00 | OK |
Version: 1.2.1
Check: CRAN incoming feasibility
Result: NOTE
Maintainer: ‘Guy Nason <g.nason@imperial.ac.uk>’
Package CITATION file contains call(s) to old-style personList() or
as.personList(). Please use c() on person objects instead.
Package CITATION file contains call(s) to old-style citEntry(). Please
use bibentry() instead.
Flavors: r-devel-linux-x86_64-debian-clang, r-devel-linux-x86_64-debian-gcc
These binaries (installable software) and packages are in development.
They may not be fully stable and should be used with caution. We make no claims about them.