Last updated on 2025-02-16 10:50:42 CET.
Flavor | Version | Tinstall | Tcheck | Ttotal | Status | Flags |
---|---|---|---|---|---|---|
r-devel-linux-x86_64-debian-clang | 8.0.0 | 2.40 | 84.90 | 87.30 | NOTE | |
r-devel-linux-x86_64-debian-gcc | 8.0.0 | 1.83 | 63.85 | 65.68 | NOTE | |
r-devel-linux-x86_64-fedora-clang | 8.0.0 | 168.79 | OK | |||
r-devel-linux-x86_64-fedora-gcc | 8.0.0 | 147.14 | OK | |||
r-devel-macos-arm64 | 8.0.0 | 57.00 | OK | |||
r-devel-macos-x86_64 | 8.0.0 | 92.00 | OK | |||
r-devel-windows-x86_64 | 8.0.0 | 4.00 | 122.00 | 126.00 | NOTE | |
r-patched-linux-x86_64 | 8.0.0 | 4.99 | 79.41 | 84.40 | OK | |
r-release-linux-x86_64 | 8.0.0 | 2.38 | 80.39 | 82.77 | OK | |
r-release-macos-arm64 | 8.0.0 | 51.00 | OK | |||
r-release-macos-x86_64 | 8.0.0 | 66.00 | OK | |||
r-release-windows-x86_64 | 8.0.0 | 4.00 | 123.00 | 127.00 | OK | |
r-oldrel-macos-arm64 | 8.0.0 | 55.00 | OK | |||
r-oldrel-macos-x86_64 | 8.0.0 | 74.00 | OK | |||
r-oldrel-windows-x86_64 | 8.0.0 | 5.00 | 114.00 | 119.00 | OK |
Version: 8.0.0
Check: Rd cross-references
Result: NOTE
Found the following Rd file(s) with Rd \link{} targets missing package
anchors:
getImpExtra.Rd: ranger
getImpLegacyRf.Rd: ranger
getImpRf.Rd: ranger
Please provide package anchors for all Rd \link{} targets not in the
package itself and the base packages.
Flavors: r-devel-linux-x86_64-debian-clang, r-devel-linux-x86_64-debian-gcc, r-devel-windows-x86_64
These binaries (installable software) and packages are in development.
They may not be fully stable and should be used with caution. We make no claims about them.