Last updated on 2025-07-22 07:49:35 CEST.
Flavor | Version | Tinstall | Tcheck | Ttotal | Status | Flags |
---|---|---|---|---|---|---|
r-devel-linux-x86_64-debian-clang | 0.1.5 | 35.43 | 25.85 | 61.28 | NOTE | |
r-devel-linux-x86_64-debian-gcc | 0.1.5 | 24.65 | 21.40 | 46.05 | NOTE | |
r-devel-linux-x86_64-fedora-clang | 0.1.5 | 120.23 | OK | |||
r-devel-linux-x86_64-fedora-gcc | 0.1.5 | 97.07 | OK | |||
r-devel-windows-x86_64 | 0.1.5 | 41.00 | 62.00 | 103.00 | OK | |
r-patched-linux-x86_64 | 0.1.5 | 33.74 | 24.23 | 57.97 | OK | |
r-release-linux-x86_64 | 0.1.5 | 33.68 | 24.30 | 57.98 | OK | |
r-release-macos-arm64 | 0.1.5 | 32.00 | OK | |||
r-release-macos-x86_64 | 0.1.5 | 51.00 | OK | |||
r-release-windows-x86_64 | 0.1.5 | 41.00 | 64.00 | 105.00 | OK | |
r-oldrel-macos-arm64 | 0.1.5 | 30.00 | OK | |||
r-oldrel-macos-x86_64 | 0.1.5 | 56.00 | OK | |||
r-oldrel-windows-x86_64 | 0.1.5 | 49.00 | 73.00 | 122.00 | OK |
Version: 0.1.5
Check: CRAN incoming feasibility
Result: NOTE
Maintainer: ‘Raphaël Clifford <clifford@cs.bris.ac.uk>’
The Description field contains
(2017) <arXiv:1706.01260>. Also provides functions for generating
Please refer to arXiv e-prints via their arXiv DOI <doi:10.48550/arXiv.YYMM.NNNNN>.
Flavors: r-devel-linux-x86_64-debian-clang, r-devel-linux-x86_64-debian-gcc
These binaries (installable software) and packages are in development.
They may not be fully stable and should be used with caution. We make no claims about them.