CRAN Package Check Results for Package BoundEdgeworth

Last updated on 2025-10-24 11:50:42 CEST.

Flavor Version Tinstall Tcheck Ttotal Status Flags
r-devel-linux-x86_64-debian-clang 0.1.2.1 2.68 25.03 27.71 NOTE
r-devel-linux-x86_64-debian-gcc 0.1.2.1 2.02 20.46 22.48 NOTE
r-devel-linux-x86_64-fedora-clang 0.1.2.1 40.29 OK
r-devel-linux-x86_64-fedora-gcc 0.1.2.1 38.64 OK
r-devel-windows-x86_64 0.1.2.1 5.00 41.00 46.00 OK
r-patched-linux-x86_64 0.1.2.1 2.95 23.07 26.02 OK
r-release-linux-x86_64 0.1.2.1 2.65 22.75 25.40 OK
r-release-macos-arm64 0.1.2.1 1.00 16.00 17.00 OK
r-release-macos-x86_64 0.1.2.1 4.00 36.00 40.00 OK
r-release-windows-x86_64 0.1.2.1 3.00 44.00 47.00 OK
r-oldrel-macos-arm64 0.1.2.1 1.00 21.00 22.00 OK
r-oldrel-macos-x86_64 0.1.2.1 3.00 31.00 34.00 OK
r-oldrel-windows-x86_64 0.1.2.1 3.00 48.00 51.00 OK

Check Details

Version: 0.1.2.1
Check: CRAN incoming feasibility
Result: NOTE Maintainer: ‘Alexis Derumigny <a.f.f.derumigny@tudelft.nl>’ The Description field contains Girard, Guyonvarch (2021) <arXiv:2101.05780>. Please refer to arXiv e-prints via their arXiv DOI <doi:10.48550/arXiv.YYMM.NNNNN>. Flavors: r-devel-linux-x86_64-debian-clang, r-devel-linux-x86_64-debian-gcc

These binaries (installable software) and packages are in development.
They may not be fully stable and should be used with caution. We make no claims about them.