Last updated on 2025-02-16 10:50:42 CET.
Flavor | Version | Tinstall | Tcheck | Ttotal | Status | Flags |
---|---|---|---|---|---|---|
r-devel-linux-x86_64-debian-clang | 1.1-2 | 9.41 | 96.13 | 105.54 | NOTE | |
r-devel-linux-x86_64-debian-gcc | 1.1-2 | 7.14 | 73.33 | 80.47 | NOTE | |
r-devel-linux-x86_64-fedora-clang | 1.1-2 | 173.20 | OK | |||
r-devel-linux-x86_64-fedora-gcc | 1.1-2 | 173.89 | OK | |||
r-devel-macos-arm64 | 1.1-2 | 65.00 | OK | |||
r-devel-macos-x86_64 | 1.1-2 | 115.00 | OK | |||
r-devel-windows-x86_64 | 1.1-2 | 10.00 | 117.00 | 127.00 | NOTE | |
r-patched-linux-x86_64 | 1.1-2 | 9.96 | 89.41 | 99.37 | OK | |
r-release-linux-x86_64 | 1.1-2 | 9.91 | 89.86 | 99.77 | OK | |
r-release-macos-arm64 | 1.1-2 | 63.00 | OK | |||
r-release-macos-x86_64 | 1.1-2 | 83.00 | OK | |||
r-release-windows-x86_64 | 1.1-2 | 12.00 | 125.00 | 137.00 | OK | |
r-oldrel-macos-arm64 | 1.1-2 | 65.00 | OK | |||
r-oldrel-macos-x86_64 | 1.1-2 | 91.00 | OK | |||
r-oldrel-windows-x86_64 | 1.1-2 | 14.00 | 126.00 | 140.00 | OK |
Version: 1.1-2
Check: Rd cross-references
Result: NOTE
Found the following Rd file(s) with Rd \link{} targets missing package
anchors:
predict.BTm.Rd: predict.glmmPQL
Please provide package anchors for all Rd \link{} targets not in the
package itself and the base packages.
Flavors: r-devel-linux-x86_64-debian-clang, r-devel-linux-x86_64-debian-gcc, r-devel-windows-x86_64
These binaries (installable software) and packages are in development.
They may not be fully stable and should be used with caution. We make no claims about them.