Last updated on 2025-02-16 10:50:42 CET.
Flavor | Version | Tinstall | Tcheck | Ttotal | Status | Flags |
---|---|---|---|---|---|---|
r-devel-linux-x86_64-debian-clang | 1.0.2 | 16.98 | 250.61 | 267.59 | NOTE | |
r-devel-linux-x86_64-debian-gcc | 1.0.2 | 11.51 | 173.91 | 185.42 | NOTE | |
r-devel-linux-x86_64-fedora-clang | 1.0.2 | 459.82 | NOTE | |||
r-devel-linux-x86_64-fedora-gcc | 1.0.2 | 430.14 | NOTE | |||
r-devel-macos-arm64 | 1.0.2 | 123.00 | OK | |||
r-devel-macos-x86_64 | 1.0.2 | 222.00 | NOTE | |||
r-devel-windows-x86_64 | 1.0.2 | 21.00 | 256.00 | 277.00 | NOTE | |
r-patched-linux-x86_64 | 1.0.2 | 17.82 | 235.03 | 252.85 | OK | |
r-release-linux-x86_64 | 1.0.2 | 14.81 | 236.46 | 251.27 | OK | |
r-release-macos-arm64 | 1.0.2 | 115.00 | OK | |||
r-release-macos-x86_64 | 1.0.2 | 187.00 | OK | |||
r-release-windows-x86_64 | 1.0.2 | 20.00 | 305.00 | 325.00 | OK | |
r-oldrel-macos-arm64 | 1.0.2 | 107.00 | OK | |||
r-oldrel-macos-x86_64 | 1.0.2 | 275.00 | OK | |||
r-oldrel-windows-x86_64 | 1.0.2 | 26.00 | 304.00 | 330.00 | OK |
Version: 1.0.2
Check: DESCRIPTION meta-information
Result: NOTE
Missing dependency on R >= 4.2.0 because package code uses the pipe
placeholder syntax added in R 4.2.0.
File(s) using such syntax:
‘AddXMLInternal.R’ ‘BrowseSVG.R’ ‘MakeAccessibleSVGInternal.R’
‘RewriteSVG.R’ ‘ViewSVG.R’
Flavors: r-devel-linux-x86_64-debian-clang, r-devel-linux-x86_64-debian-gcc, r-devel-linux-x86_64-fedora-clang, r-devel-linux-x86_64-fedora-gcc, r-devel-windows-x86_64
Version: 1.0.2
Check: DESCRIPTION meta-information
Result: NOTE
Missing dependency on R >= 4.1.0 because package code uses the pipe
|> or function shorthand \(...) syntax added in R 4.1.0.
File(s) using such syntax:
‘AddXMLInternal.R’ ‘BrowseSVG.R’ ‘Describe.R’
‘MakeAccessibleSVGInternal.R’ ‘RewriteSVG.R’ ‘VIInternals.R’
‘VIMethod3_TH.R’ ‘ViewSVG.R’
Flavor: r-devel-macos-x86_64
These binaries (installable software) and packages are in development.
They may not be fully stable and should be used with caution. We make no claims about them.