CRAN Package Check Results for Package Branching

Last updated on 2025-02-16 10:50:42 CET.

Flavor Version Tinstall Tcheck Ttotal Status Flags
r-devel-linux-x86_64-debian-clang 0.9.7 5.00 21.85 26.85 OK
r-devel-linux-x86_64-debian-gcc 0.9.7 3.54 17.54 21.08 OK
r-devel-linux-x86_64-fedora-clang 0.9.7 44.14 NOTE
r-devel-linux-x86_64-fedora-gcc 0.9.7 41.89 NOTE
r-devel-macos-arm64 0.9.7 19.00 OK
r-devel-macos-x86_64 0.9.7 39.00 OK
r-devel-windows-x86_64 0.9.7 7.00 43.00 50.00 OK
r-patched-linux-x86_64 0.9.7 4.43 20.98 25.41 OK
r-release-linux-x86_64 0.9.7 4.11 20.82 24.93 OK
r-release-macos-arm64 0.9.7 23.00 OK
r-release-macos-x86_64 0.9.7 25.00 OK
r-release-windows-x86_64 0.9.7 7.00 43.00 50.00 OK
r-oldrel-macos-arm64 0.9.7 22.00 OK
r-oldrel-macos-x86_64 0.9.7 39.00 OK
r-oldrel-windows-x86_64 0.9.7 12.00 42.00 54.00 OK

Check Details

Version: 0.9.7
Check: compiled code
Result: NOTE File ‘Branching/libs/Branching.so’: Found no calls to: ‘R_registerRoutines’, ‘R_useDynamicSymbols’ It is good practice to register native routines and to disable symbol search. See ‘Writing portable packages’ in the ‘Writing R Extensions’ manual. Flavors: r-devel-linux-x86_64-fedora-clang, r-devel-linux-x86_64-fedora-gcc

These binaries (installable software) and packages are in development.
They may not be fully stable and should be used with caution. We make no claims about them.