CRAN Package Check Results for Package BreakPoints

Last updated on 2025-02-23 15:49:37 CET.

Flavor Version Tinstall Tcheck Ttotal Status Flags
r-devel-linux-x86_64-debian-clang 1.2 2.24 24.42 26.66 OK
r-devel-linux-x86_64-debian-gcc 1.2 2.05 19.58 21.63 OK
r-devel-linux-x86_64-fedora-clang 1.2 47.10 OK
r-devel-linux-x86_64-fedora-gcc 1.2 43.10 OK
r-devel-macos-arm64 1.2 18.00 OK
r-devel-macos-x86_64 1.2 41.00 OK
r-devel-windows-x86_64 1.2 4.00 45.00 49.00 OK
r-patched-linux-x86_64 1.2 2.39 23.07 25.46 NOTE
r-release-linux-x86_64 1.2 2.53 23.20 25.73 NOTE
r-release-macos-arm64 1.2 23.00 NOTE
r-release-macos-x86_64 1.2 23.00 NOTE
r-release-windows-x86_64 1.2 3.00 44.00 47.00 NOTE
r-oldrel-macos-arm64 1.2 18.00 NOTE
r-oldrel-macos-x86_64 1.2 23.00 NOTE
r-oldrel-windows-x86_64 1.2 3.00 47.00 50.00 NOTE

Check Details

Version: 1.2
Check: LazyData
Result: NOTE 'LazyData' is specified without a 'data' directory Flavors: r-patched-linux-x86_64, r-release-linux-x86_64, r-release-macos-arm64, r-release-macos-x86_64, r-release-windows-x86_64, r-oldrel-macos-arm64, r-oldrel-macos-x86_64, r-oldrel-windows-x86_64

These binaries (installable software) and packages are in development.
They may not be fully stable and should be used with caution. We make no claims about them.