Last updated on 2025-02-16 10:50:42 CET.
Flavor | Version | Tinstall | Tcheck | Ttotal | Status | Flags |
---|---|---|---|---|---|---|
r-devel-linux-x86_64-debian-clang | 1.0.0 | 9.15 | 71.78 | 80.93 | NOTE | |
r-devel-linux-x86_64-debian-gcc | 1.0.0 | 6.80 | 51.28 | 58.08 | NOTE | |
r-devel-linux-x86_64-fedora-clang | 1.0.0 | 132.20 | OK | |||
r-devel-linux-x86_64-fedora-gcc | 1.0.0 | 122.29 | OK | |||
r-devel-macos-arm64 | 1.0.0 | 43.00 | OK | |||
r-devel-macos-x86_64 | 1.0.0 | 92.00 | OK | |||
r-devel-windows-x86_64 | 1.0.0 | 9.00 | 77.00 | 86.00 | NOTE | |
r-patched-linux-x86_64 | 1.0.0 | 14.57 | 66.67 | 81.24 | OK | |
r-release-linux-x86_64 | 1.0.0 | 8.50 | 65.92 | 74.42 | OK | |
r-release-macos-arm64 | 1.0.0 | 38.00 | OK | |||
r-release-macos-x86_64 | 1.0.0 | 94.00 | OK | |||
r-release-windows-x86_64 | 1.0.0 | 10.00 | 79.00 | 89.00 | OK | |
r-oldrel-macos-arm64 | 1.0.0 | 38.00 | OK | |||
r-oldrel-macos-x86_64 | 1.0.0 | 65.00 | OK | |||
r-oldrel-windows-x86_64 | 1.0.0 | 14.00 | 101.00 | 115.00 | OK |
Version: 1.0.0
Check: Rd cross-references
Result: NOTE
Found the following Rd file(s) with Rd \link{} targets missing package
anchors:
createBarPrior.Rd: fitCyclopsModel
createFastBarPrior.Rd: fitCyclopsModel
Please provide package anchors for all Rd \link{} targets not in the
package itself and the base packages.
Flavors: r-devel-linux-x86_64-debian-clang, r-devel-linux-x86_64-debian-gcc, r-devel-windows-x86_64
These binaries (installable software) and packages are in development.
They may not be fully stable and should be used with caution. We make no claims about them.