Last updated on 2025-05-01 14:49:05 CEST.
Flavor | Version | Tinstall | Tcheck | Ttotal | Status | Flags |
---|---|---|---|---|---|---|
r-devel-linux-x86_64-debian-clang | 0.2.1 | 2.70 | 27.79 | 30.49 | NOTE | |
r-devel-linux-x86_64-debian-gcc | 0.2.1 | 2.11 | 22.46 | 24.57 | NOTE | |
r-devel-linux-x86_64-fedora-clang | 0.2.1 | 50.91 | OK | |||
r-devel-linux-x86_64-fedora-gcc | 0.2.1 | 47.73 | OK | |||
r-devel-windows-x86_64 | 0.2.1 | 4.00 | 47.00 | 51.00 | OK | |
r-patched-linux-x86_64 | 0.2.1 | 2.88 | 26.52 | 29.40 | OK | |
r-release-linux-x86_64 | OK | |||||
r-release-macos-arm64 | 0.2.1 | 25.00 | OK | |||
r-release-macos-x86_64 | 0.2.1 | 32.00 | OK | |||
r-release-windows-x86_64 | 0.2.1 | 4.00 | 48.00 | 52.00 | OK | |
r-oldrel-macos-arm64 | 0.2.1 | 21.00 | OK | |||
r-oldrel-macos-x86_64 | 0.2.1 | 36.00 | OK | |||
r-oldrel-windows-x86_64 | 0.2.1 | 4.00 | 53.00 | 57.00 | OK |
Version: 0.2.1
Check: CRAN incoming feasibility
Result: NOTE
Maintainer: ‘Yan Zhao <yanzhao3@illinois.edu>’
No Authors@R field in DESCRIPTION.
Please add one, modifying
Authors@R: c(person(given = "Smruti",
family = "Padhy",
role = "aut"),
person(given = "Rob",
family = "Kooper",
role = "aut"),
person(given = "Yan",
family = "Zhao",
role = c("aut", "cre"),
email = "yanzhao3@illinois.edu"))
as necessary.
Flavors: r-devel-linux-x86_64-debian-clang, r-devel-linux-x86_64-debian-gcc
These binaries (installable software) and packages are in development.
They may not be fully stable and should be used with caution. We make no claims about them.