Last updated on 2025-02-16 10:50:42 CET.
Flavor | Version | Tinstall | Tcheck | Ttotal | Status | Flags |
---|---|---|---|---|---|---|
r-devel-linux-x86_64-debian-clang | 2.0.1 | 29.49 | 26.79 | 56.28 | NOTE | |
r-devel-linux-x86_64-debian-gcc | 2.0.1 | 24.90 | 20.15 | 45.05 | NOTE | |
r-devel-linux-x86_64-fedora-clang | 2.0.1 | 100.42 | NOTE | |||
r-devel-linux-x86_64-fedora-gcc | 2.0.1 | 115.74 | NOTE | |||
r-devel-macos-arm64 | 2.0.1 | 29.00 | NOTE | |||
r-devel-macos-x86_64 | 2.0.1 | 58.00 | NOTE | |||
r-devel-windows-x86_64 | 2.0.1 | 36.00 | 69.00 | 105.00 | NOTE | |
r-patched-linux-x86_64 | 2.0.1 | 32.42 | 26.27 | 58.69 | NOTE | |
r-release-linux-x86_64 | 2.0.1 | 32.24 | 25.81 | 58.05 | NOTE | |
r-release-macos-arm64 | 2.0.1 | 32.00 | NOTE | |||
r-release-macos-x86_64 | 2.0.1 | 42.00 | NOTE | |||
r-release-windows-x86_64 | 2.0.1 | 37.00 | 79.00 | 116.00 | NOTE | |
r-oldrel-macos-arm64 | 2.0.1 | 34.00 | NOTE | |||
r-oldrel-macos-x86_64 | 2.0.1 | 55.00 | NOTE | |||
r-oldrel-windows-x86_64 | 2.0.1 | 46.00 | 80.00 | 126.00 | NOTE |
Version: 2.0.1
Check: C++ specification
Result: NOTE
Specified C++11: please drop specification unless essential
Flavors: r-devel-linux-x86_64-debian-clang, r-devel-linux-x86_64-debian-gcc, r-devel-linux-x86_64-fedora-clang, r-devel-linux-x86_64-fedora-gcc, r-devel-macos-arm64, r-devel-macos-x86_64, r-devel-windows-x86_64, r-patched-linux-x86_64, r-release-linux-x86_64, r-release-macos-arm64, r-release-macos-x86_64, r-release-windows-x86_64, r-oldrel-macos-arm64, r-oldrel-macos-x86_64, r-oldrel-windows-x86_64
Version: 2.0.1
Check: installed package size
Result: NOTE
installed size is 5.1Mb
sub-directories of 1Mb or more:
libs 5.0Mb
Flavor: r-oldrel-macos-arm64
These binaries (installable software) and packages are in development.
They may not be fully stable and should be used with caution. We make no claims about them.