Last updated on 2025-10-23 23:49:24 CEST.
| Flavor | Version | Tinstall | Tcheck | Ttotal | Status | Flags |
|---|---|---|---|---|---|---|
| r-devel-linux-x86_64-debian-clang | 1.3 | 2.67 | 23.46 | 26.13 | NOTE | |
| r-devel-linux-x86_64-debian-gcc | 1.3 | 1.91 | 18.70 | 20.61 | NOTE | |
| r-devel-linux-x86_64-fedora-clang | 1.3 | 38.60 | OK | |||
| r-devel-linux-x86_64-fedora-gcc | 1.3 | 36.31 | OK | |||
| r-devel-windows-x86_64 | 1.3 | 4.00 | 43.00 | 47.00 | OK | |
| r-patched-linux-x86_64 | 1.3 | 2.46 | 22.17 | 24.63 | OK | |
| r-release-linux-x86_64 | 1.3 | 2.12 | 21.99 | 24.11 | OK | |
| r-release-macos-arm64 | 1.3 | 1.00 | 17.00 | 18.00 | OK | |
| r-release-macos-x86_64 | 1.3 | 2.00 | 24.00 | 26.00 | OK | |
| r-release-windows-x86_64 | 1.3 | 4.00 | 50.00 | 54.00 | OK | |
| r-oldrel-macos-arm64 | 1.3 | 1.00 | 19.00 | 20.00 | OK | |
| r-oldrel-macos-x86_64 | 1.3 | 2.00 | 21.00 | 23.00 | OK | |
| r-oldrel-windows-x86_64 | 1.3 | 3.00 | 46.00 | 49.00 | OK |
Version: 1.3
Check: CRAN incoming feasibility
Result: NOTE
Maintainer: ‘Pat Burns <patrick@burns-stat.com>’
No Authors@R field in DESCRIPTION.
Please add one, modifying
Authors@R: c(person(given = "Burns",
family = "Statistics",
role = "aut"),
person(given = "Pat",
family = "Burns",
role = "cre",
email = "patrick@burns-stat.com"))
as necessary.
Flavors: r-devel-linux-x86_64-debian-clang, r-devel-linux-x86_64-debian-gcc
These binaries (installable software) and packages are in development.
They may not be fully stable and should be used with caution. We make no claims about them.