CRAN Package Check Results for Package BurStFin

Last updated on 2025-07-01 15:49:43 CEST.

Flavor Version Tinstall Tcheck Ttotal Status Flags
r-devel-linux-x86_64-debian-clang 1.3 2.78 21.78 24.56 NOTE
r-devel-linux-x86_64-debian-gcc 1.3 1.79 18.03 19.82 NOTE
r-devel-linux-x86_64-fedora-clang 1.3 39.82 OK
r-devel-linux-x86_64-fedora-gcc 1.3 37.81 OK
r-devel-windows-x86_64 1.3 5.00 46.00 51.00 OK
r-patched-linux-x86_64 OK
r-release-linux-x86_64 1.3 2.54 20.82 23.36 OK
r-release-macos-arm64 1.3 18.00 OK
r-release-macos-x86_64 1.3 26.00 OK
r-release-windows-x86_64 1.3 4.00 50.00 54.00 OK
r-oldrel-macos-arm64 1.3 20.00 OK
r-oldrel-macos-x86_64 1.3 23.00 OK
r-oldrel-windows-x86_64 1.3 3.00 46.00 49.00 OK

Check Details

Version: 1.3
Check: CRAN incoming feasibility
Result: NOTE Maintainer: ‘Pat Burns <patrick@burns-stat.com>’ No Authors@R field in DESCRIPTION. Please add one, modifying Authors@R: c(person(given = "Burns", family = "Statistics", role = "aut"), person(given = "Pat", family = "Burns", role = "cre", email = "patrick@burns-stat.com")) as necessary. Flavors: r-devel-linux-x86_64-debian-clang, r-devel-linux-x86_64-debian-gcc

These binaries (installable software) and packages are in development.
They may not be fully stable and should be used with caution. We make no claims about them.