Last updated on 2025-05-21 21:49:11 CEST.
Flavor | Version | Tinstall | Tcheck | Ttotal | Status | Flags |
---|---|---|---|---|---|---|
r-devel-linux-x86_64-debian-clang | 3.2.0 | 93.33 | 304.07 | 397.40 | OK | |
r-devel-linux-x86_64-debian-gcc | 3.2.0 | 72.22 | 199.07 | 271.29 | OK | |
r-devel-linux-x86_64-fedora-clang | 3.2.0 | 601.91 | OK | |||
r-devel-linux-x86_64-fedora-gcc | 3.2.0 | 642.11 | OK | |||
r-devel-windows-x86_64 | 3.2.0 | 106.00 | 149.00 | 255.00 | OK | --no-examples --no-tests --no-vignettes |
r-patched-linux-x86_64 | 3.2.0 | 106.78 | 260.86 | 367.64 | OK | |
r-release-linux-x86_64 | 3.2.0 | 98.26 | 262.23 | 360.49 | OK | |
r-release-macos-arm64 | 3.2.0 | 117.00 | OK | |||
r-release-macos-x86_64 | 3.2.0 | 259.00 | OK | |||
r-release-windows-x86_64 | 3.2.0 | 102.00 | 153.00 | 255.00 | OK | --no-examples --no-tests --no-vignettes |
r-oldrel-macos-arm64 | 3.2.0 | 131.00 | NOTE | |||
r-oldrel-macos-x86_64 | 3.2.0 | 227.00 | NOTE | |||
r-oldrel-windows-x86_64 | 3.1.0 | 125.00 | 149.00 | 274.00 | OK | --no-examples --no-tests --no-vignettes |
Version: 3.2.0
Check: installed package size
Result: NOTE
installed size is 8.7Mb
sub-directories of 1Mb or more:
libs 7.1Mb
Flavors: r-oldrel-macos-arm64, r-oldrel-macos-x86_64
These binaries (installable software) and packages are in development.
They may not be fully stable and should be used with caution. We make no claims about them.