Last updated on 2025-10-23 09:50:40 CEST.
Flavor | Version | Tinstall | Tcheck | Ttotal | Status | Flags |
---|---|---|---|---|---|---|
r-devel-linux-x86_64-debian-clang | 3.3.4 | 98.61 | 323.64 | 422.25 | NOTE | |
r-devel-linux-x86_64-debian-gcc | 3.3.4 | 74.67 | 206.22 | 280.89 | OK | |
r-devel-linux-x86_64-fedora-clang | 3.3.4 | 660.00 | -192.53 | 467.47 | OK | |
r-devel-linux-x86_64-fedora-gcc | 3.3.4 | 660.00 | -87.09 | 572.91 | OK | |
r-devel-windows-x86_64 | 3.3.4 | 108.00 | 155.00 | 263.00 | OK | --no-examples --no-tests --no-vignettes |
r-patched-linux-x86_64 | 3.3.4 | 103.16 | 282.67 | 385.83 | OK | |
r-release-linux-x86_64 | 3.3.4 | 97.20 | 279.57 | 376.77 | OK | |
r-release-macos-arm64 | 3.3.4 | 37.00 | 106.00 | 143.00 | OK | |
r-release-macos-x86_64 | 3.3.4 | 75.00 | 183.00 | 258.00 | OK | |
r-release-windows-x86_64 | 3.3.4 | 106.00 | 170.00 | 276.00 | OK | --no-examples --no-tests --no-vignettes |
r-oldrel-macos-arm64 | 3.3.4 | 36.00 | 109.00 | 145.00 | NOTE | |
r-oldrel-macos-x86_64 | 3.3.4 | 72.00 | 236.00 | 308.00 | NOTE | |
r-oldrel-windows-x86_64 | 3.3.4 | 133.00 | 156.00 | 289.00 | OK | --no-examples --no-tests --no-vignettes |
Version: 3.3.4
Check: HTML version of manual
Result: NOTE
Found the following HTML validation problems:
BuyseTest.options-methods.html:58:1 (BuyseTest.options-methods.Rd:18): Warning: missing </ul> before </div>
summary.performance.html:63:1 (summary.performance.Rd:18): Warning: missing </ul> before </div>
Flavor: r-devel-linux-x86_64-debian-clang
Version: 3.3.4
Check: installed package size
Result: NOTE
installed size is 10.3Mb
sub-directories of 1Mb or more:
libs 7.2Mb
Flavors: r-oldrel-macos-arm64, r-oldrel-macos-x86_64
These binaries (installable software) and packages are in development.
They may not be fully stable and should be used with caution. We make no claims about them.