Last updated on 2025-05-01 12:49:24 CEST.
Flavor | Version | Tinstall | Tcheck | Ttotal | Status | Flags |
---|---|---|---|---|---|---|
r-devel-linux-x86_64-debian-clang | 0.1 | 45.42 | 212.48 | 257.90 | NOTE | |
r-devel-linux-x86_64-debian-gcc | 0.1 | 37.06 | 133.32 | 170.38 | OK | |
r-devel-linux-x86_64-fedora-clang | 0.1 | 425.37 | NOTE | |||
r-devel-linux-x86_64-fedora-gcc | 0.1 | 461.99 | NOTE | |||
r-devel-windows-x86_64 | 0.1 | 59.00 | 210.00 | 269.00 | OK | |
r-patched-linux-x86_64 | 0.1 | 46.78 | 202.64 | 249.42 | OK | |
r-release-linux-x86_64 | OK | |||||
r-release-macos-arm64 | 0.1 | 126.00 | OK | |||
r-release-macos-x86_64 | 0.1 | 296.00 | OK | |||
r-release-windows-x86_64 | 0.1 | 58.00 | 212.00 | 270.00 | OK | |
r-oldrel-macos-arm64 | 0.1 | 111.00 | NOTE | |||
r-oldrel-macos-x86_64 | 0.1 | 311.00 | NOTE | |||
r-oldrel-windows-x86_64 | 0.1 | 70.00 | 291.00 | 361.00 | NOTE |
Version: 0.1
Check: examples
Result: NOTE
Examples with CPU (user + system) or elapsed time > 5s
user system elapsed
CADF_to_migration_model 5.729 0.292 6.719
annualhalfingmodel 4.683 0.214 5.982
Flavor: r-devel-linux-x86_64-debian-clang
Version: 0.1
Check: examples
Result: NA
user system elapsed
CADF_to_migration_model 4.562 0.326 5.106
OK
Flavor: r-devel-linux-x86_64-debian-gcc
Version: 0.1
Check: dependencies in R code
Result: NOTE
Namespace in Imports field not imported from: ‘R6’
All declared Imports should be used.
Flavors: r-devel-linux-x86_64-fedora-clang, r-devel-linux-x86_64-fedora-gcc
Version: 0.1
Check: installed package size
Result: NOTE
installed size is 11.9Mb
sub-directories of 1Mb or more:
data 10.1Mb
Flavors: r-oldrel-macos-arm64, r-oldrel-macos-x86_64, r-oldrel-windows-x86_64
These binaries (installable software) and packages are in development.
They may not be fully stable and should be used with caution. We make no claims about them.