Last updated on 2025-05-22 06:51:40 CEST.
Flavor | Version | Tinstall | Tcheck | Ttotal | Status | Flags |
---|---|---|---|---|---|---|
r-devel-linux-x86_64-debian-clang | 0.3-3 | 3.76 | 51.50 | 55.26 | NOTE | |
r-devel-linux-x86_64-debian-gcc | 0.3-3 | 2.51 | 39.23 | 41.74 | NOTE | |
r-devel-linux-x86_64-fedora-clang | 0.3-3 | 88.80 | OK | |||
r-devel-linux-x86_64-fedora-gcc | 0.3-3 | 98.63 | OK | |||
r-devel-windows-x86_64 | 0.3-3 | 6.00 | 105.00 | 111.00 | OK | |
r-patched-linux-x86_64 | 0.3-3 | 3.54 | 49.56 | 53.10 | OK | |
r-release-linux-x86_64 | 0.3-3 | 3.67 | 49.74 | 53.41 | OK | |
r-release-macos-arm64 | 0.3-3 | 37.00 | OK | |||
r-release-macos-x86_64 | 0.3-3 | 70.00 | OK | |||
r-release-windows-x86_64 | 0.3-3 | 6.00 | 130.00 | 136.00 | OK | |
r-oldrel-macos-arm64 | 0.3-3 | 36.00 | OK | |||
r-oldrel-macos-x86_64 | 0.3-3 | 57.00 | OK | |||
r-oldrel-windows-x86_64 | 0.3-3 | 7.00 | 98.00 | 105.00 | OK |
Version: 0.3-3
Check: CRAN incoming feasibility
Result: NOTE
Maintainer: ‘Claudio Lupi <lupi@unimol.it>’
No Authors@R field in DESCRIPTION.
Please add one, modifying
Authors@R: person(given = "Claudio",
family = "Lupi",
role = c("aut", "cre"),
email = "lupi@unimol.it")
as necessary.
Package CITATION file contains call(s) to old-style citEntry(). Please
use bibentry() instead.
Flavors: r-devel-linux-x86_64-debian-clang, r-devel-linux-x86_64-debian-gcc
These binaries (installable software) and packages are in development.
They may not be fully stable and should be used with caution. We make no claims about them.