CRAN Package Check Results for Package CADFtest

Last updated on 2025-07-26 01:50:45 CEST.

Flavor Version Tinstall Tcheck Ttotal Status Flags
r-devel-linux-x86_64-debian-clang 0.3-3 3.53 53.31 56.84 NOTE
r-devel-linux-x86_64-debian-gcc 0.3-3 2.65 39.27 41.92 NOTE
r-devel-linux-x86_64-fedora-clang 0.3-3 87.94 OK
r-devel-linux-x86_64-fedora-gcc 0.3-3 98.12 OK
r-devel-windows-x86_64 0.3-3 6.00 91.00 97.00 OK
r-patched-linux-x86_64 0.3-3 3.59 50.46 54.05 OK
r-release-linux-x86_64 0.3-3 3.51 49.48 52.99 OK
r-release-macos-arm64 0.3-3 37.00 OK
r-release-macos-x86_64 0.3-3 70.00 OK
r-release-windows-x86_64 0.3-3 6.00 89.00 95.00 OK
r-oldrel-macos-arm64 0.3-3 36.00 OK
r-oldrel-macos-x86_64 0.3-3 57.00 OK
r-oldrel-windows-x86_64 0.3-3 8.00 99.00 107.00 OK

Check Details

Version: 0.3-3
Check: CRAN incoming feasibility
Result: NOTE Maintainer: ‘Claudio Lupi <lupi@unimol.it>’ No Authors@R field in DESCRIPTION. Please add one, modifying Authors@R: person(given = "Claudio", family = "Lupi", role = c("aut", "cre"), email = "lupi@unimol.it") as necessary. Package CITATION file contains call(s) to old-style citEntry(). Please use bibentry() instead. Flavors: r-devel-linux-x86_64-debian-clang, r-devel-linux-x86_64-debian-gcc

These binaries (installable software) and packages are in development.
They may not be fully stable and should be used with caution. We make no claims about them.