Last updated on 2025-10-23 11:50:08 CEST.
Flavor | Version | Tinstall | Tcheck | Ttotal | Status | Flags |
---|---|---|---|---|---|---|
r-devel-linux-x86_64-debian-clang | 1.0.17 | 3.21 | 62.51 | 65.72 | NOTE | |
r-devel-linux-x86_64-debian-gcc | 1.0.17 | 2.15 | 43.19 | 45.34 | NOTE | |
r-devel-linux-x86_64-fedora-clang | 1.0.17 | 98.02 | OK | |||
r-devel-linux-x86_64-fedora-gcc | 1.0.17 | 109.80 | OK | |||
r-devel-windows-x86_64 | 1.0.17 | 5.00 | 74.00 | 79.00 | OK | |
r-patched-linux-x86_64 | 1.0.17 | 3.57 | 62.12 | 65.69 | OK | |
r-release-linux-x86_64 | 1.0.17 | 2.99 | 59.37 | 62.36 | OK | |
r-release-macos-arm64 | 1.0.17 | 2.00 | 41.00 | 43.00 | OK | |
r-release-macos-x86_64 | 1.0.17 | 2.00 | 67.00 | 69.00 | OK | |
r-release-windows-x86_64 | 1.0.17 | 5.00 | 77.00 | 82.00 | OK | |
r-oldrel-macos-arm64 | 1.0.17 | 2.00 | 33.00 | 35.00 | OK | |
r-oldrel-macos-x86_64 | 1.0.17 | 2.00 | 50.00 | 52.00 | OK | |
r-oldrel-windows-x86_64 | 1.0.17 | 6.00 | 93.00 | 99.00 | OK |
Version: 1.0.17
Check: CRAN incoming feasibility
Result: NOTE
Maintainer: ‘Felipe Campelo <fcampelo@gmail.com>’
The Description field contains
<arxiv:1908.01720>.
Please refer to arXiv e-prints via their arXiv DOI <doi:10.48550/arXiv.YYMM.NNNNN>.
Flavors: r-devel-linux-x86_64-debian-clang, r-devel-linux-x86_64-debian-gcc
Version: 1.0.17
Check: HTML version of manual
Result: NOTE
Found the following HTML validation problems:
TSP.dist.html:51:1 (TSP.dist.Rd:12): Warning: missing </ul> before </div>
summary.nreps.html:53:1 (summary.nreps.Rd:14): Warning: missing </ul> before </div>
Flavor: r-devel-linux-x86_64-debian-clang
These binaries (installable software) and packages are in development.
They may not be fully stable and should be used with caution. We make no claims about them.