Last updated on 2025-05-03 22:49:49 CEST.
Flavor | Version | Tinstall | Tcheck | Ttotal | Status | Flags |
---|---|---|---|---|---|---|
r-devel-linux-x86_64-debian-clang | 1.0.17 | 6.26 | 58.81 | 65.07 | NOTE | |
r-devel-linux-x86_64-debian-gcc | 1.0.17 | 4.83 | 38.80 | 43.63 | NOTE | |
r-devel-linux-x86_64-fedora-clang | 1.0.17 | 91.31 | OK | |||
r-devel-linux-x86_64-fedora-gcc | 1.0.17 | 94.52 | OK | |||
r-devel-windows-x86_64 | 1.0.17 | 7.00 | 71.00 | 78.00 | OK | |
r-patched-linux-x86_64 | 1.0.17 | 6.05 | 53.04 | 59.09 | OK | |
r-release-linux-x86_64 | OK | |||||
r-release-macos-arm64 | 1.0.17 | 30.00 | OK | |||
r-release-macos-x86_64 | 1.0.17 | 50.00 | OK | |||
r-release-windows-x86_64 | 1.0.17 | 7.00 | 69.00 | 76.00 | OK | |
r-oldrel-macos-arm64 | 1.0.17 | 30.00 | OK | |||
r-oldrel-macos-x86_64 | 1.0.17 | 41.00 | OK | |||
r-oldrel-windows-x86_64 | 1.0.17 | 9.00 | 85.00 | 94.00 | OK |
Version: 1.0.17
Check: CRAN incoming feasibility
Result: NOTE
Maintainer: ‘John Ford <JoRuFo@gmail.com>’
No Authors@R field in DESCRIPTION.
Please add one, modifying
Authors@R: c(person(given = "Stephanie",
family = "Lane",
role = c("aut", "cre")),
person(given = "John",
family = "Ford",
role = c("aut", "cre"),
email = "jorufo@gmail.com"),
person(given = "Clark",
family = "Jeffries",
role = "aut"),
person(given = "Diana",
family = "Perkins",
role = "aut"))
as necessary.
Flavors: r-devel-linux-x86_64-debian-clang, r-devel-linux-x86_64-debian-gcc
These binaries (installable software) and packages are in development.
They may not be fully stable and should be used with caution. We make no claims about them.