Last updated on 2025-07-27 03:49:59 CEST.
Flavor | Version | Tinstall | Tcheck | Ttotal | Status | Flags |
---|---|---|---|---|---|---|
r-devel-linux-x86_64-debian-clang | 1.0-7 | 11.79 | 117.85 | 129.64 | NOTE | |
r-devel-linux-x86_64-debian-gcc | 1.0-7 | 6.13 | 83.86 | 89.99 | NOTE | |
r-devel-linux-x86_64-fedora-clang | 1.0-7 | 190.86 | OK | |||
r-devel-linux-x86_64-fedora-gcc | 1.0-7 | 196.25 | OK | |||
r-devel-windows-x86_64 | 1.0-7 | 12.00 | 130.00 | 142.00 | OK | |
r-patched-linux-x86_64 | 1.0-7 | 9.05 | 108.73 | 117.78 | OK | |
r-release-linux-x86_64 | 1.0-7 | 10.53 | 108.43 | 118.96 | OK | |
r-release-macos-arm64 | 1.0-7 | 60.00 | OK | |||
r-release-macos-x86_64 | 1.0-7 | 115.00 | OK | |||
r-release-windows-x86_64 | 1.0-7 | 13.00 | 129.00 | 142.00 | OK | |
r-oldrel-macos-arm64 | 1.0-7 | 62.00 | OK | |||
r-oldrel-macos-x86_64 | 1.0-7 | 87.00 | OK | |||
r-oldrel-windows-x86_64 | 1.0-7 | 16.00 | 160.00 | 176.00 | OK |
Version: 1.0-7
Check: CRAN incoming feasibility
Result: NOTE
Maintainer: ‘Anoop Shah <anoop@doctors.org.uk>’
Package CITATION file contains call(s) to old-style personList() or
as.personList(). Please use c() on person objects instead.
Package CITATION file contains call(s) to old-style citEntry(). Please
use bibentry() instead.
Flavors: r-devel-linux-x86_64-debian-clang, r-devel-linux-x86_64-debian-gcc
These binaries (installable software) and packages are in development.
They may not be fully stable and should be used with caution. We make no claims about them.