CRAN Package Check Results for Package CALIBERrfimpute

Last updated on 2025-11-24 15:49:47 CET.

Flavor Version Tinstall Tcheck Ttotal Status Flags
r-devel-linux-x86_64-debian-clang 1.0-7 11.55 116.60 128.15 NOTE
r-devel-linux-x86_64-debian-gcc 1.0-7 8.13 85.39 93.52 NOTE
r-devel-linux-x86_64-fedora-clang 1.0-7 55.00 150.78 205.78 OK
r-devel-linux-x86_64-fedora-gcc 1.0-7 21.00 173.75 194.75 OK
r-devel-windows-x86_64 1.0-7 13.00 127.00 140.00 OK
r-patched-linux-x86_64 1.0-7 10.55 110.83 121.38 OK
r-release-linux-x86_64 1.0-7 9.82 111.41 121.23 OK
r-release-macos-arm64 1.0-7 OK
r-release-macos-x86_64 1.0-7 9.00 106.00 115.00 OK
r-release-windows-x86_64 1.0-7 13.00 139.00 152.00 OK
r-oldrel-macos-arm64 1.0-7 OK
r-oldrel-macos-x86_64 1.0-7 7.00 80.00 87.00 OK
r-oldrel-windows-x86_64 1.0-7 16.00 153.00 169.00 OK

Check Details

Version: 1.0-7
Check: CRAN incoming feasibility
Result: NOTE Maintainer: ‘Anoop Shah <anoop@doctors.org.uk>’ Package CITATION file contains call(s) to old-style personList() or as.personList(). Please use c() on person objects instead. Package CITATION file contains call(s) to old-style citEntry(). Please use bibentry() instead. Flavors: r-devel-linux-x86_64-debian-clang, r-devel-linux-x86_64-debian-gcc

These binaries (installable software) and packages are in development.
They may not be fully stable and should be used with caution. We make no claims about them.