Last updated on 2025-07-22 19:51:44 CEST.
Flavor | Version | Tinstall | Tcheck | Ttotal | Status | Flags |
---|---|---|---|---|---|---|
r-devel-linux-x86_64-debian-clang | 1.0.0 | 41.52 | 364.55 | 406.07 | NOTE | |
r-devel-linux-x86_64-debian-gcc | 1.0.0 | 29.62 | 268.20 | 297.82 | NOTE | |
r-devel-linux-x86_64-fedora-clang | 1.0.0 | 708.72 | OK | |||
r-devel-linux-x86_64-fedora-gcc | 1.0.0 | 651.76 | OK | |||
r-devel-windows-x86_64 | 1.0.0 | 42.00 | 318.00 | 360.00 | NOTE | |
r-patched-linux-x86_64 | 1.0.0 | 39.19 | 340.83 | 380.02 | NOTE | |
r-release-linux-x86_64 | 1.0.0 | 38.71 | 334.51 | 373.22 | NOTE | |
r-release-macos-arm64 | 1.0.0 | 5.00 | ERROR | |||
r-release-macos-x86_64 | 1.0.0 | 6.00 | ERROR | |||
r-release-windows-x86_64 | 1.0.0 | 39.00 | 323.00 | 362.00 | NOTE | |
r-oldrel-macos-arm64 | 1.0.0 | 10.00 | ERROR | |||
r-oldrel-macos-x86_64 | 1.0.0 | 259.00 | OK | |||
r-oldrel-windows-x86_64 | 1.0.0 | 57.00 | 411.00 | 468.00 | OK |
Version: 1.0.0
Check: Rd cross-references
Result: NOTE
Found the following Rd file(s) with Rd \link{} targets missing package
anchors:
BuildGeneSets.Rd: edgeR, org.Hs.eg.db, org.Mm.eg.db
CAMML.Rd: vamForSeurat
ChIMP.Rd: vamForSeurat
GetGeneSets.Rd: org.Hs.eg.db, org.Mm.eg.db
Please provide package anchors for all Rd \link{} targets not in the
package itself and the base packages.
Flavors: r-devel-linux-x86_64-debian-clang, r-devel-linux-x86_64-debian-gcc, r-devel-windows-x86_64, r-patched-linux-x86_64, r-release-linux-x86_64, r-release-windows-x86_64
Version: 1.0.0
Check: package dependencies
Result: ERROR
Packages required but not available:
'org.Hs.eg.db', 'org.Dr.eg.db', 'org.Mm.eg.db'
See section ‘The DESCRIPTION file’ in the ‘Writing R Extensions’
manual.
Flavor: r-release-macos-arm64
Version: 1.0.0
Check: package dependencies
Result: ERROR
Packages required but not available: 'org.Dr.eg.db', 'org.Mm.eg.db'
See section ‘The DESCRIPTION file’ in the ‘Writing R Extensions’
manual.
Flavors: r-release-macos-x86_64, r-oldrel-macos-arm64
These binaries (installable software) and packages are in development.
They may not be fully stable and should be used with caution. We make no claims about them.