CRAN Package Check Results for Package CAOP.RAA.2024

Last updated on 2025-07-02 01:51:33 CEST.

Flavor Version Tinstall Tcheck Ttotal Status Flags
r-devel-linux-x86_64-debian-clang 0.0.5 3.40 35.79 39.19 OK
r-devel-linux-x86_64-debian-gcc 0.0.5 2.50 27.52 30.02 OK
r-devel-linux-x86_64-fedora-clang 0.0.5 59.97 OK
r-devel-linux-x86_64-fedora-gcc 0.0.5 56.95 OK
r-devel-windows-x86_64 0.0.5 5.00 53.00 58.00 OK
r-patched-linux-x86_64 OK
r-release-linux-x86_64 0.0.5 3.64 32.20 35.84 OK
r-release-macos-arm64 0.0.5 24.00 OK
r-release-macos-x86_64 0.0.5 38.00 OK
r-release-windows-x86_64 0.0.5 6.00 54.00 60.00 OK
r-oldrel-macos-arm64 0.0.5 26.00 NOTE
r-oldrel-macos-x86_64 0.0.5 41.00 NOTE
r-oldrel-windows-x86_64 0.0.5 7.00 63.00 70.00 NOTE

Check Details

Version: 0.0.5
Check: installed package size
Result: NOTE installed size is 7.3Mb sub-directories of 1Mb or more: extdata 5.3Mb help 1.9Mb Flavors: r-oldrel-macos-arm64, r-oldrel-macos-x86_64, r-oldrel-windows-x86_64

These binaries (installable software) and packages are in development.
They may not be fully stable and should be used with caution. We make no claims about them.