CRAN Package Check Results for Package CAOP.RAA.2024

Last updated on 2025-05-08 04:52:00 CEST.

Flavor Version Tinstall Tcheck Ttotal Status Flags
r-devel-linux-x86_64-debian-clang 0.0.5 4.30 34.66 38.96 OK
r-devel-linux-x86_64-debian-gcc 0.0.5 3.06 26.24 29.30 OK
r-devel-linux-x86_64-fedora-clang 0.0.5 58.50 OK
r-devel-linux-x86_64-fedora-gcc 0.0.5 56.08 OK
r-devel-windows-x86_64 0.0.5 5.00 52.00 57.00 OK
r-patched-linux-x86_64 0.0.5 4.50 31.87 36.37 OK
r-release-linux-x86_64 0.0.5 2.77 32.23 35.00 OK
r-release-macos-arm64 0.0.5 24.00 OK
r-release-macos-x86_64 0.0.5 38.00 OK
r-release-windows-x86_64 0.0.5 6.00 53.00 59.00 OK
r-oldrel-macos-arm64 0.0.5 26.00 NOTE
r-oldrel-macos-x86_64 0.0.5 41.00 NOTE
r-oldrel-windows-x86_64 0.0.5 7.00 62.00 69.00 NOTE

Check Details

Version: 0.0.5
Check: installed package size
Result: NOTE installed size is 7.3Mb sub-directories of 1Mb or more: extdata 5.3Mb help 1.9Mb Flavors: r-oldrel-macos-arm64, r-oldrel-macos-x86_64, r-oldrel-windows-x86_64

These binaries (installable software) and packages are in development.
They may not be fully stable and should be used with caution. We make no claims about them.