CRAN Package Check Results for Package CARBayesdata

Last updated on 2025-10-23 17:50:43 CEST.

Flavor Version Tinstall Tcheck Ttotal Status Flags
r-devel-linux-x86_64-debian-clang 3.0 2.68 25.40 28.08 NOTE
r-devel-linux-x86_64-debian-gcc 3.0 1.95 20.46 22.41 NOTE
r-devel-linux-x86_64-fedora-clang 3.0 41.20 OK
r-devel-linux-x86_64-fedora-gcc 3.0 43.03 OK
r-devel-windows-x86_64 3.0 4.00 42.00 46.00 OK
r-patched-linux-x86_64 3.0 2.84 24.15 26.99 OK
r-release-linux-x86_64 3.0 2.51 24.34 26.85 OK
r-release-macos-arm64 3.0 2.00 19.00 21.00 OK
r-release-macos-x86_64 3.0 2.00 27.00 29.00 OK
r-release-windows-x86_64 3.0 4.00 45.00 49.00 OK
r-oldrel-macos-arm64 3.0 1.00 16.00 17.00 OK
r-oldrel-macos-x86_64 3.0 2.00 23.00 25.00 OK
r-oldrel-windows-x86_64 3.0 5.00 51.00 56.00 OK

Check Details

Version: 3.0
Check: CRAN incoming feasibility
Result: NOTE Maintainer: ‘Duncan Lee <Duncan.Lee@glasgow.ac.uk>’ No Authors@R field in DESCRIPTION. Please add one, modifying Authors@R: person(given = "Duncan", family = "Lee", role = c("aut", "cre"), email = "duncan.lee@glasgow.ac.uk") as necessary. Flavors: r-devel-linux-x86_64-debian-clang, r-devel-linux-x86_64-debian-gcc

These binaries (installable software) and packages are in development.
They may not be fully stable and should be used with caution. We make no claims about them.