CRAN Package Check Results for Package CARBayesdata

Last updated on 2025-05-08 04:52:00 CEST.

Flavor Version Tinstall Tcheck Ttotal Status Flags
r-devel-linux-x86_64-debian-clang 3.0 2.68 23.75 26.43 NOTE
r-devel-linux-x86_64-debian-gcc 3.0 1.85 18.99 20.84 NOTE
r-devel-linux-x86_64-fedora-clang 3.0 39.39 OK
r-devel-linux-x86_64-fedora-gcc 3.0 41.74 OK
r-devel-windows-x86_64 3.0 4.00 43.00 47.00 OK
r-patched-linux-x86_64 3.0 2.71 22.83 25.54 OK
r-release-linux-x86_64 3.0 2.27 22.65 24.92 OK
r-release-macos-arm64 3.0 21.00 OK
r-release-macos-x86_64 3.0 29.00 OK
r-release-windows-x86_64 3.0 4.00 46.00 50.00 OK
r-oldrel-macos-arm64 3.0 17.00 OK
r-oldrel-macos-x86_64 3.0 25.00 OK
r-oldrel-windows-x86_64 3.0 4.00 49.00 53.00 OK

Check Details

Version: 3.0
Check: CRAN incoming feasibility
Result: NOTE Maintainer: ‘Duncan Lee <Duncan.Lee@glasgow.ac.uk>’ No Authors@R field in DESCRIPTION. Please add one, modifying Authors@R: person(given = "Duncan", family = "Lee", role = c("aut", "cre"), email = "duncan.lee@glasgow.ac.uk") as necessary. Flavors: r-devel-linux-x86_64-debian-clang, r-devel-linux-x86_64-debian-gcc

These binaries (installable software) and packages are in development.
They may not be fully stable and should be used with caution. We make no claims about them.