Last updated on 2025-07-02 03:50:37 CEST.
Flavor | Version | Tinstall | Tcheck | Ttotal | Status | Flags |
---|---|---|---|---|---|---|
r-devel-linux-x86_64-debian-clang | 3.0 | 2.44 | 23.80 | 26.24 | NOTE | |
r-devel-linux-x86_64-debian-gcc | 3.0 | 2.24 | 19.53 | 21.77 | NOTE | |
r-devel-linux-x86_64-fedora-clang | 3.0 | 41.63 | OK | |||
r-devel-linux-x86_64-fedora-gcc | 3.0 | 42.95 | OK | |||
r-devel-windows-x86_64 | 3.0 | 4.00 | 44.00 | 48.00 | OK | |
r-patched-linux-x86_64 | OK | |||||
r-release-linux-x86_64 | 3.0 | 2.45 | 22.68 | 25.13 | OK | |
r-release-macos-arm64 | 3.0 | 21.00 | OK | |||
r-release-macos-x86_64 | 3.0 | 29.00 | OK | |||
r-release-windows-x86_64 | 3.0 | 4.00 | 44.00 | 48.00 | OK | |
r-oldrel-macos-arm64 | 3.0 | 17.00 | OK | |||
r-oldrel-macos-x86_64 | 3.0 | 25.00 | OK | |||
r-oldrel-windows-x86_64 | 3.0 | 4.00 | 56.00 | 60.00 | OK |
Version: 3.0
Check: CRAN incoming feasibility
Result: NOTE
Maintainer: ‘Duncan Lee <Duncan.Lee@glasgow.ac.uk>’
No Authors@R field in DESCRIPTION.
Please add one, modifying
Authors@R: person(given = "Duncan",
family = "Lee",
role = c("aut", "cre"),
email = "duncan.lee@glasgow.ac.uk")
as necessary.
Flavors: r-devel-linux-x86_64-debian-clang, r-devel-linux-x86_64-debian-gcc
These binaries (installable software) and packages are in development.
They may not be fully stable and should be used with caution. We make no claims about them.