Last updated on 2025-02-16 10:50:43 CET.
Flavor | Version | Tinstall | Tcheck | Ttotal | Status | Flags |
---|---|---|---|---|---|---|
r-devel-linux-x86_64-debian-clang | 0.1.1 | 136.82 | 127.76 | 264.58 | OK | |
r-devel-linux-x86_64-debian-gcc | 0.1.1 | 125.20 | 101.70 | 226.90 | OK | |
r-devel-linux-x86_64-fedora-clang | 0.1.1 | 433.19 | NOTE | |||
r-devel-linux-x86_64-fedora-gcc | 0.1.1 | 525.52 | NOTE | |||
r-devel-macos-arm64 | 0.1.1 | 108.00 | OK | |||
r-devel-macos-x86_64 | 0.1.1 | 239.00 | OK | |||
r-devel-windows-x86_64 | 0.1.1 | 131.00 | 146.00 | 277.00 | OK | |
r-patched-linux-x86_64 | 0.1.1 | 167.78 | 132.73 | 300.51 | NOTE | |
r-release-linux-x86_64 | 0.1.1 | 164.40 | 133.28 | 297.68 | NOTE | |
r-release-macos-arm64 | 0.1.1 | 64.00 | NOTE | |||
r-release-macos-x86_64 | 0.1.1 | 114.00 | NOTE | |||
r-release-windows-x86_64 | 0.1.1 | 138.00 | 146.00 | 284.00 | NOTE | |
r-oldrel-macos-arm64 | 0.1.1 | 99.00 | NOTE | |||
r-oldrel-macos-x86_64 | 0.1.1 | 171.00 | NOTE | |||
r-oldrel-windows-x86_64 | 0.1.1 | 189.00 | 195.00 | 384.00 | NOTE |
Version: 0.1.1
Check: dependencies in R code
Result: NOTE
Namespace in Imports field not imported from: ‘rstantools’
All declared Imports should be used.
Flavors: r-devel-linux-x86_64-fedora-clang, r-devel-linux-x86_64-fedora-gcc
Version: 0.1.1
Check: for GNU extensions in Makefiles
Result: NOTE
GNU make is a SystemRequirements.
Flavors: r-patched-linux-x86_64, r-release-linux-x86_64, r-release-macos-arm64, r-release-macos-x86_64, r-release-windows-x86_64, r-oldrel-macos-arm64, r-oldrel-macos-x86_64, r-oldrel-windows-x86_64
Version: 0.1.1
Check: installed package size
Result: NOTE
installed size is 49.1Mb
sub-directories of 1Mb or more:
libs 48.8Mb
Flavors: r-release-macos-arm64, r-release-macos-x86_64, r-oldrel-macos-arm64, r-oldrel-macos-x86_64
These binaries (installable software) and packages are in development.
They may not be fully stable and should be used with caution. We make no claims about them.