CRAN Package Check Results for Package CASCORE

Last updated on 2025-11-11 17:49:54 CET.

Flavor Version Tinstall Tcheck Ttotal Status Flags
r-devel-linux-x86_64-debian-clang 0.1.2 2.35 23.35 25.70 NOTE
r-devel-linux-x86_64-debian-gcc 0.1.2 1.61 18.27 19.88 NOTE
r-devel-linux-x86_64-fedora-clang 0.1.2 37.14 OK
r-devel-linux-x86_64-fedora-gcc 0.1.2 35.19 OK
r-devel-windows-x86_64 0.1.2 3.00 43.00 46.00 OK
r-patched-linux-x86_64 0.1.2 2.20 21.47 23.67 OK
r-release-linux-x86_64 0.1.2 2.09 21.65 23.74 OK
r-release-macos-arm64 0.1.2 1.00 15.00 16.00 OK
r-release-macos-x86_64 0.1.2 2.00 28.00 30.00 OK
r-release-windows-x86_64 0.1.2 3.00 40.00 43.00 OK
r-oldrel-macos-arm64 0.1.2 1.00 16.00 17.00 OK
r-oldrel-macos-x86_64 0.1.2 2.00 20.00 22.00 OK
r-oldrel-windows-x86_64 0.1.2 5.00 47.00 52.00 OK

Check Details

Version: 0.1.2
Check: CRAN incoming feasibility
Result: NOTE Maintainer: ‘Yaofang Hu <yaofangh@smu.edu>’ The Description field contains Wang (2022) <arXiv:2306.15616>. In addition to CASCORE, this package Please refer to arXiv e-prints via their arXiv DOI <doi:10.48550/arXiv.YYMM.NNNNN>. Flavors: r-devel-linux-x86_64-debian-clang, r-devel-linux-x86_64-debian-gcc

These binaries (installable software) and packages are in development.
They may not be fully stable and should be used with caution. We make no claims about them.