CRAN Package Check Results for Package CASMAP

Last updated on 2025-11-16 03:49:50 CET.

Flavor Version Tinstall Tcheck Ttotal Status Flags
r-devel-linux-x86_64-debian-clang 0.6.1 42.96 37.46 80.42 NOTE
r-devel-linux-x86_64-debian-gcc 0.6.1 32.39 29.67 62.06 NOTE
r-devel-linux-x86_64-fedora-clang 0.6.1 111.00 54.47 165.47 NOTE
r-devel-linux-x86_64-fedora-gcc 0.6.1 81.00 68.40 149.40 NOTE
r-devel-windows-x86_64 0.6.1 78.00 85.00 163.00 NOTE
r-patched-linux-x86_64 0.6.1 44.97 35.96 80.93 NOTE
r-release-linux-x86_64 0.6.1 43.63 36.03 79.66 NOTE
r-release-macos-arm64 0.6.1 20.00 28.00 48.00 NOTE
r-release-macos-x86_64 0.6.1 22.00 48.00 70.00 NOTE
r-release-windows-x86_64 0.6.1 58.00 86.00 144.00 NOTE
r-oldrel-macos-arm64 0.6.1 18.00 30.00 48.00 NOTE
r-oldrel-macos-x86_64 0.6.1 18.00 41.00 59.00 NOTE
r-oldrel-windows-x86_64 0.6.1 62.00 100.00 162.00 NOTE

Check Details

Version: 0.6.1
Check: C++ specification
Result: NOTE Specified C++11: please drop specification unless essential Flavors: r-devel-linux-x86_64-debian-clang, r-devel-linux-x86_64-debian-gcc, r-devel-linux-x86_64-fedora-clang, r-devel-linux-x86_64-fedora-gcc, r-devel-windows-x86_64, r-patched-linux-x86_64, r-release-linux-x86_64, r-release-macos-arm64, r-release-macos-x86_64, r-release-windows-x86_64, r-oldrel-macos-arm64, r-oldrel-macos-x86_64, r-oldrel-windows-x86_64

Version: 0.6.1
Check: installed package size
Result: NOTE installed size is 5.6Mb sub-directories of 1Mb or more: libs 4.8Mb Flavors: r-oldrel-macos-arm64, r-oldrel-macos-x86_64

Version: 0.6.1
Check: LazyData
Result: NOTE 'LazyData' is specified without a 'data' directory Flavors: r-oldrel-macos-arm64, r-oldrel-macos-x86_64, r-oldrel-windows-x86_64

These binaries (installable software) and packages are in development.
They may not be fully stable and should be used with caution. We make no claims about them.