CRAN Package Check Results for Package CATTexact

Last updated on 2025-07-01 11:49:15 CEST.

Flavor Version Tinstall Tcheck Ttotal Status Flags
r-devel-linux-x86_64-debian-clang 0.1.1 1.97 30.64 32.61 OK
r-devel-linux-x86_64-debian-gcc 0.1.1 1.48 24.03 25.51 OK
r-devel-linux-x86_64-fedora-clang 0.1.1 48.54 OK
r-devel-linux-x86_64-fedora-gcc 0.1.1 49.70 OK
r-devel-windows-x86_64 0.1.1 3.00 60.00 63.00 OK
r-patched-linux-x86_64 OK
r-release-linux-x86_64 0.1.1 1.55 27.32 28.87 OK
r-release-macos-arm64 0.1.1 22.00 OK
r-release-macos-x86_64 0.1.1 42.00 OK
r-release-windows-x86_64 0.1.1 3.00 62.00 65.00 OK
r-oldrel-macos-arm64 0.1.1 25.00 NOTE
r-oldrel-macos-x86_64 0.1.1 36.00 NOTE
r-oldrel-windows-x86_64 0.1.1 3.00 67.00 70.00 NOTE

Check Details

Version: 0.1.1
Check: LazyData
Result: NOTE 'LazyData' is specified without a 'data' directory Flavors: r-oldrel-macos-arm64, r-oldrel-macos-x86_64, r-oldrel-windows-x86_64

These binaries (installable software) and packages are in development.
They may not be fully stable and should be used with caution. We make no claims about them.