Last updated on 2025-05-01 14:49:06 CEST.
Flavor | Version | Tinstall | Tcheck | Ttotal | Status | Flags |
---|---|---|---|---|---|---|
r-devel-linux-x86_64-debian-clang | 6.0 | 9.67 | 71.40 | 81.07 | NOTE | |
r-devel-linux-x86_64-debian-gcc | 6.0 | 6.18 | 49.04 | 55.22 | NOTE | |
r-devel-linux-x86_64-fedora-clang | 6.0 | 115.25 | OK | |||
r-devel-linux-x86_64-fedora-gcc | 6.0 | 120.54 | OK | |||
r-devel-windows-x86_64 | 6.0 | 13.00 | 81.00 | 94.00 | OK | |
r-patched-linux-x86_64 | 6.0 | 9.68 | 66.04 | 75.72 | OK | |
r-release-linux-x86_64 | OK | |||||
r-release-macos-arm64 | 6.0 | 34.00 | OK | |||
r-release-macos-x86_64 | 6.0 | 64.00 | OK | |||
r-release-windows-x86_64 | 6.0 | 13.00 | 82.00 | 95.00 | OK | |
r-oldrel-macos-arm64 | 6.0 | 33.00 | OK | |||
r-oldrel-macos-x86_64 | 6.0 | 50.00 | OK | |||
r-oldrel-windows-x86_64 | 6.0 | 14.00 | 98.00 | 112.00 | OK |
Version: 6.0
Check: CRAN incoming feasibility
Result: NOTE
Maintainer: ‘Rosaria Lombardo <rosaria.lombardo@unicampania.it>’
No Authors@R field in DESCRIPTION.
Please add one, modifying
Authors@R: c(person(given = "Rosaria",
family = "Lombardo",
role = c("aut", "cre"),
email = "rosaria.lombardo@unicampania.it"),
person(given = c("Eric", "J"),
family = "Beh",
role = "aut"))
as necessary.
Flavors: r-devel-linux-x86_64-debian-clang, r-devel-linux-x86_64-debian-gcc
These binaries (installable software) and packages are in development.
They may not be fully stable and should be used with caution. We make no claims about them.