CRAN Package Check Results for Package CB2

Last updated on 2025-07-24 01:50:16 CEST.

Flavor Version Tinstall Tcheck Ttotal Status Flags
r-devel-linux-x86_64-debian-clang 1.3.4 28.59 89.56 118.15 NOTE
r-devel-linux-x86_64-debian-gcc 1.3.4 22.11 65.73 87.84 NOTE
r-devel-linux-x86_64-fedora-clang 1.3.4 189.82 NOTE
r-devel-linux-x86_64-fedora-gcc 1.3.4 195.13 NOTE
r-devel-windows-x86_64 1.3.4 34.00 219.00 253.00 NOTE
r-patched-linux-x86_64 1.3.4 31.81 79.90 111.71 NOTE
r-release-linux-x86_64 1.3.4 32.90 80.25 113.15 NOTE
r-release-macos-arm64 1.3.4 63.00 NOTE
r-release-macos-x86_64 1.3.4 156.00 NOTE
r-release-windows-x86_64 1.3.4 36.00 215.00 251.00 NOTE
r-oldrel-macos-arm64 1.3.4 58.00 NOTE
r-oldrel-macos-x86_64 1.3.4 151.00 NOTE
r-oldrel-windows-x86_64 1.3.4 44.00 268.00 312.00 NOTE

Check Details

Version: 1.3.4
Check: C++ specification
Result: NOTE Specified C++11: please drop specification unless essential Flavors: r-devel-linux-x86_64-debian-clang, r-devel-linux-x86_64-debian-gcc, r-devel-linux-x86_64-fedora-clang, r-devel-linux-x86_64-fedora-gcc, r-devel-windows-x86_64, r-patched-linux-x86_64, r-release-linux-x86_64, r-release-macos-arm64, r-release-macos-x86_64, r-release-windows-x86_64, r-oldrel-macos-arm64, r-oldrel-macos-x86_64, r-oldrel-windows-x86_64

Version: 1.3.4
Check: installed package size
Result: NOTE installed size is 6.3Mb sub-directories of 1Mb or more: data 1.6Mb extdata 1.1Mb libs 3.1Mb Flavors: r-oldrel-macos-arm64, r-oldrel-macos-x86_64

These binaries (installable software) and packages are in development.
They may not be fully stable and should be used with caution. We make no claims about them.