CRAN Package Check Results for Package CB2

Last updated on 2025-10-03 11:50:37 CEST.

Flavor Version Tinstall Tcheck Ttotal Status Flags
r-devel-linux-x86_64-debian-clang 1.3.6 29.35 97.64 126.99 OK
r-devel-linux-x86_64-debian-gcc 1.3.6 21.03 70.63 91.66 OK
r-devel-linux-x86_64-fedora-clang 1.3.6 205.55 OK
r-devel-linux-x86_64-fedora-gcc 1.3.6 221.14 OK
r-devel-windows-x86_64 1.3.6 40.00 127.00 167.00 OK
r-patched-linux-x86_64 1.3.4 30.81 87.96 118.77 NOTE
r-release-linux-x86_64 1.3.4 30.40 87.62 118.02 NOTE
r-release-macos-arm64 1.3.4 63.00 NOTE
r-release-macos-x86_64 1.3.6 153.00 OK
r-release-windows-x86_64 1.3.4 35.00 208.00 243.00 NOTE
r-oldrel-macos-arm64 1.3.4 58.00 NOTE
r-oldrel-macos-x86_64 1.3.6 155.00 NOTE
r-oldrel-windows-x86_64 1.3.6 46.00 161.00 207.00 OK

Check Details

Version: 1.3.4
Check: C++ specification
Result: NOTE Specified C++11: please drop specification unless essential Flavors: r-patched-linux-x86_64, r-release-linux-x86_64, r-release-macos-arm64, r-release-windows-x86_64, r-oldrel-macos-arm64

Version: 1.3.4
Check: installed package size
Result: NOTE installed size is 6.3Mb sub-directories of 1Mb or more: data 1.6Mb extdata 1.1Mb libs 3.1Mb Flavor: r-oldrel-macos-arm64

Version: 1.3.6
Check: installed package size
Result: NOTE installed size is 7.5Mb sub-directories of 1Mb or more: data 2.5Mb extdata 1.1Mb libs 3.4Mb Flavor: r-oldrel-macos-x86_64

These binaries (installable software) and packages are in development.
They may not be fully stable and should be used with caution. We make no claims about them.