CRAN Package Check Results for Package CBT

Last updated on 2025-11-11 17:49:54 CET.

Flavor Version Tinstall Tcheck Ttotal Status Flags
r-devel-linux-x86_64-debian-clang 1.0 1.91 22.17 24.08 NOTE
r-devel-linux-x86_64-debian-gcc 1.0 1.53 16.93 18.46 NOTE
r-devel-linux-x86_64-fedora-clang 1.0 37.15 OK
r-devel-linux-x86_64-fedora-gcc 1.0 34.99 OK
r-devel-windows-x86_64 1.0 3.00 35.00 38.00 OK
r-patched-linux-x86_64 1.0 2.07 20.60 22.67 OK
r-release-linux-x86_64 1.0 1.56 20.78 22.34 OK
r-release-macos-arm64 1.0 1.00 14.00 15.00 OK
r-release-macos-x86_64 1.0 2.00 25.00 27.00 OK
r-release-windows-x86_64 1.0 4.00 34.00 38.00 OK
r-oldrel-macos-arm64 1.0 1.00 24.00 25.00 OK
r-oldrel-macos-x86_64 1.0 2.00 28.00 30.00 OK
r-oldrel-windows-x86_64 1.0 3.00 36.00 39.00 OK

Check Details

Version: 1.0
Check: CRAN incoming feasibility
Result: NOTE Maintainer: ‘Shouri Hu <e0054325@u.nus.edu>’ No Authors@R field in DESCRIPTION. Please add one, modifying Authors@R: c(person(given = c("Hock", "Peng"), family = "Chan", role = "aut"), person(given = "Shouri", family = "Hu", role = c("aut", "cre"), email = "e0054325@u.nus.edu")) as necessary. The Description field contains and Shouri Hu (2018) <arXiv:1805.11793>. Please refer to arXiv e-prints via their arXiv DOI <doi:10.48550/arXiv.YYMM.NNNNN>. Flavors: r-devel-linux-x86_64-debian-clang, r-devel-linux-x86_64-debian-gcc

These binaries (installable software) and packages are in development.
They may not be fully stable and should be used with caution. We make no claims about them.