Last updated on 2025-10-03 05:53:26 CEST.
Flavor | Version | Tinstall | Tcheck | Ttotal | Status | Flags |
---|---|---|---|---|---|---|
r-devel-linux-x86_64-debian-clang | 1.2.2 | 9.51 | 83.56 | 93.07 | NOTE | |
r-devel-linux-x86_64-debian-gcc | 1.2.2 | 7.16 | 61.23 | 68.39 | NOTE | |
r-devel-linux-x86_64-fedora-clang | 1.2.2 | 142.12 | OK | |||
r-devel-linux-x86_64-fedora-gcc | 1.2.2 | 133.90 | OK | |||
r-devel-windows-x86_64 | 1.2.2 | 13.00 | 89.00 | 102.00 | OK | |
r-patched-linux-x86_64 | 1.2.2 | 10.08 | 78.95 | 89.03 | OK | |
r-release-linux-x86_64 | 1.2.2 | 9.85 | 79.01 | 88.86 | OK | |
r-release-macos-arm64 | 1.2.2 | 44.00 | OK | |||
r-release-macos-x86_64 | 1.2.2 | 75.00 | OK | |||
r-release-windows-x86_64 | 1.2.2 | 10.00 | 91.00 | 101.00 | OK | |
r-oldrel-macos-arm64 | 1.2.2 | 40.00 | OK | |||
r-oldrel-macos-x86_64 | 1.2.2 | 59.00 | OK | |||
r-oldrel-windows-x86_64 | 1.2.2 | 16.00 | 111.00 | 127.00 | OK |
Version: 1.2.2
Check: CRAN incoming feasibility
Result: NOTE
Maintainer: ‘Sébastien Déjean <sebastien.dejean@math.univ-toulouse.fr>’
No Authors@R field in DESCRIPTION.
Please add one, modifying
Authors@R: c(person(given = "Ignacio",
family = "González",
role = "aut"),
person(given = "Sébastien",
family = "Déjean",
role = c("aut", "cre"),
email = "sebastien.dejean@math.univ-toulouse.fr"))
as necessary.
Flavors: r-devel-linux-x86_64-debian-clang, r-devel-linux-x86_64-debian-gcc
These binaries (installable software) and packages are in development.
They may not be fully stable and should be used with caution. We make no claims about them.