CRAN Package Check Results for Package CCM

Last updated on 2025-11-11 17:49:54 CET.

Flavor Version Tinstall Tcheck Ttotal Status Flags
r-devel-linux-x86_64-debian-clang 1.2 1.72 22.17 23.89 NOTE
r-devel-linux-x86_64-debian-gcc 1.2 1.41 18.11 19.52 NOTE
r-devel-linux-x86_64-fedora-clang 1.2 33.56 OK
r-devel-linux-x86_64-fedora-gcc 1.2 32.44 OK
r-devel-windows-x86_64 1.2 3.00 42.00 45.00 OK
r-patched-linux-x86_64 1.2 1.62 20.74 22.36 OK
r-release-linux-x86_64 1.2 1.58 20.83 22.41 OK
r-release-macos-arm64 1.2 1.00 16.00 17.00 OK
r-release-macos-x86_64 1.2 2.00 23.00 25.00 OK
r-release-windows-x86_64 1.2 3.00 42.00 45.00 OK
r-oldrel-macos-arm64 1.2 1.00 20.00 21.00 OK
r-oldrel-macos-x86_64 1.2 1.00 22.00 23.00 OK
r-oldrel-windows-x86_64 1.2 3.00 43.00 46.00 OK

Check Details

Version: 1.2
Check: CRAN incoming feasibility
Result: NOTE Maintainer: ‘Garrett M. Dancik <dancikg@easternct.edu>’ No Authors@R field in DESCRIPTION. Please add one, modifying Authors@R: c(person(given = c("Garrett", "M."), family = "Dancik", role = c("aut", "cre"), email = "dancikg@easternct.edu"), person(given = "Yuanbin", family = "Ru", role = "aut")) as necessary. Flavors: r-devel-linux-x86_64-debian-clang, r-devel-linux-x86_64-debian-gcc

These binaries (installable software) and packages are in development.
They may not be fully stable and should be used with caution. We make no claims about them.