Last updated on 2025-02-16 10:50:43 CET.
Flavor | Version | Tinstall | Tcheck | Ttotal | Status | Flags |
---|---|---|---|---|---|---|
r-devel-linux-x86_64-debian-clang | 0.2.1 | 37.88 | 28.75 | 66.63 | OK | |
r-devel-linux-x86_64-debian-gcc | 0.2.1 | 29.67 | 23.11 | 52.78 | OK | |
r-devel-linux-x86_64-fedora-clang | 0.2.1 | 131.21 | OK | |||
r-devel-linux-x86_64-fedora-gcc | 0.2.1 | 131.82 | OK | |||
r-devel-macos-arm64 | 0.2.1 | 32.00 | OK | |||
r-devel-macos-x86_64 | 0.2.1 | 67.00 | OK | |||
r-devel-windows-x86_64 | 0.2.1 | 43.00 | 68.00 | 111.00 | OK | |
r-patched-linux-x86_64 | 0.2.1 | 37.50 | 28.19 | 65.69 | OK | |
r-release-linux-x86_64 | 0.2.1 | 43.58 | 28.10 | 71.68 | OK | |
r-release-macos-arm64 | 0.2.1 | 37.00 | NOTE | |||
r-release-macos-x86_64 | 0.2.1 | 54.00 | NOTE | |||
r-release-windows-x86_64 | 0.2.1 | 45.00 | 76.00 | 121.00 | NOTE | |
r-oldrel-macos-arm64 | 0.2.1 | 44.00 | NOTE | |||
r-oldrel-macos-x86_64 | 0.2.1 | 60.00 | NOTE | |||
r-oldrel-windows-x86_64 | 0.2.1 | 54.00 | 101.00 | 155.00 | NOTE |
Version: 0.2.1
Check: installed package size
Result: NOTE
installed size is 22.1Mb
sub-directories of 1Mb or more:
doc 16.4Mb
libs 5.6Mb
Flavors: r-release-macos-arm64, r-release-macos-x86_64, r-release-windows-x86_64, r-oldrel-macos-arm64, r-oldrel-macos-x86_64, r-oldrel-windows-x86_64
These binaries (installable software) and packages are in development.
They may not be fully stable and should be used with caution. We make no claims about them.