Last updated on 2025-11-16 03:49:50 CET.
| Flavor | Version | Tinstall | Tcheck | Ttotal | Status | Flags |
|---|---|---|---|---|---|---|
| r-devel-linux-x86_64-debian-clang | 0.2.1 | 41.24 | 30.85 | 72.09 | OK | |
| r-devel-linux-x86_64-debian-gcc | 0.2.1 | 27.11 | 25.08 | 52.19 | NOTE | |
| r-devel-linux-x86_64-fedora-clang | 0.2.1 | 57.00 | 66.93 | 123.93 | OK | |
| r-devel-linux-x86_64-fedora-gcc | 0.2.1 | 87.00 | 31.88 | 118.88 | OK | |
| r-devel-windows-x86_64 | 0.2.1 | 50.00 | 63.00 | 113.00 | OK | |
| r-patched-linux-x86_64 | 0.2.1 | 39.98 | 30.38 | 70.36 | OK | |
| r-release-linux-x86_64 | 0.2.1 | 38.75 | 30.18 | 68.93 | OK | |
| r-release-macos-arm64 | 0.2.1 | 16.00 | 19.00 | 35.00 | OK | |
| r-release-macos-x86_64 | 0.2.1 | 20.00 | 31.00 | 51.00 | OK | |
| r-release-windows-x86_64 | 0.2.1 | 46.00 | 70.00 | 116.00 | OK | |
| r-oldrel-macos-arm64 | 0.2.1 | 13.00 | 24.00 | 37.00 | NOTE | |
| r-oldrel-macos-x86_64 | 0.2.1 | 21.00 | 33.00 | 54.00 | NOTE | |
| r-oldrel-windows-x86_64 | 0.2.1 | 57.00 | 79.00 | 136.00 | NOTE |
Version: 0.2.1
Check: CRAN incoming feasibility
Result: NOTE
Maintainer: ‘Daniel Touw <touw@ese.eur.nl>’
The BugReports field in DESCRIPTION has
https://github.com/djwtouw/CCMMR/issues/
which should likely be
https://github.com/djwtouw/CCMMR/issues/issues
instead.
Flavor: r-devel-linux-x86_64-debian-gcc
Version: 0.2.1
Check: installed package size
Result: NOTE
installed size is 22.1Mb
sub-directories of 1Mb or more:
doc 16.4Mb
libs 5.6Mb
Flavors: r-oldrel-macos-arm64, r-oldrel-macos-x86_64, r-oldrel-windows-x86_64
These binaries (installable software) and packages are in development.
They may not be fully stable and should be used with caution. We make no claims about them.