Last updated on 2025-05-21 21:49:11 CEST.
Flavor | Version | Tinstall | Tcheck | Ttotal | Status | Flags |
---|---|---|---|---|---|---|
r-devel-linux-x86_64-debian-clang | 0.2.1 | 42.64 | 29.17 | 71.81 | OK | |
r-devel-linux-x86_64-debian-gcc | 0.2.1 | 28.69 | 23.47 | 52.16 | OK | |
r-devel-linux-x86_64-fedora-clang | 0.2.1 | 127.01 | OK | |||
r-devel-linux-x86_64-fedora-gcc | 0.2.1 | 131.54 | OK | |||
r-devel-windows-x86_64 | 0.2.1 | 47.00 | 64.00 | 111.00 | OK | |
r-patched-linux-x86_64 | 0.2.1 | 39.32 | 28.75 | 68.07 | OK | |
r-release-linux-x86_64 | 0.2.1 | 41.23 | 29.21 | 70.44 | OK | |
r-release-macos-arm64 | 0.2.1 | 35.00 | OK | |||
r-release-macos-x86_64 | 0.2.1 | 51.00 | OK | |||
r-release-windows-x86_64 | 0.2.1 | 48.00 | 81.00 | 129.00 | OK | |
r-oldrel-macos-arm64 | 0.2.1 | 37.00 | NOTE | |||
r-oldrel-macos-x86_64 | 0.2.1 | 54.00 | NOTE | |||
r-oldrel-windows-x86_64 | 0.2.1 | 54.00 | 78.00 | 132.00 | NOTE |
Version: 0.2.1
Check: installed package size
Result: NOTE
installed size is 22.1Mb
sub-directories of 1Mb or more:
doc 16.4Mb
libs 5.6Mb
Flavors: r-oldrel-macos-arm64, r-oldrel-macos-x86_64, r-oldrel-windows-x86_64
These binaries (installable software) and packages are in development.
They may not be fully stable and should be used with caution. We make no claims about them.