CRAN Package Check Results for Package CDFt

Last updated on 2025-11-11 17:49:54 CET.

Flavor Version Tinstall Tcheck Ttotal Status Flags
r-devel-linux-x86_64-debian-clang 1.2 1.66 18.64 20.30 NOTE
r-devel-linux-x86_64-debian-gcc 1.2 1.35 15.69 17.04 NOTE
r-devel-linux-x86_64-fedora-clang 1.2 30.08 OK
r-devel-linux-x86_64-fedora-gcc 1.2 28.55 OK
r-devel-windows-x86_64 1.2 3.00 39.00 42.00 OK
r-patched-linux-x86_64 1.2 1.63 17.75 19.38 OK
r-release-linux-x86_64 1.2 1.67 17.68 19.35 OK
r-release-macos-arm64 1.2 1.00 16.00 17.00 OK
r-release-macos-x86_64 1.2 2.00 21.00 23.00 OK
r-release-windows-x86_64 1.2 4.00 36.00 40.00 OK
r-oldrel-macos-arm64 1.2 1.00 19.00 20.00 OK
r-oldrel-macos-x86_64 1.2 2.00 20.00 22.00 OK
r-oldrel-windows-x86_64 1.2 3.00 38.00 41.00 OK

Check Details

Version: 1.2
Check: CRAN incoming feasibility
Result: NOTE Maintainer: ‘Mathieu Vrac <mathieu.vrac@lsce.ipsl.fr>’ No Authors@R field in DESCRIPTION. Please add one, modifying Authors@R: c(person(given = "Mathieu", family = "Vrac", role = c("aut", "cre"), email = "mathieu.vrac@lsce.ipsl.fr"), person(given = "Paul-Antoine", family = "Michelangeli", role = "aut", email = "pam@climpact.com")) as necessary. Flavors: r-devel-linux-x86_64-debian-clang, r-devel-linux-x86_64-debian-gcc

These binaries (installable software) and packages are in development.
They may not be fully stable and should be used with caution. We make no claims about them.