Last updated on 2025-11-11 17:49:54 CET.
| Flavor | Version | Tinstall | Tcheck | Ttotal | Status | Flags |
|---|---|---|---|---|---|---|
| r-devel-linux-x86_64-debian-clang | 2.2.0 | 9.76 | 592.25 | 602.01 | NOTE | |
| r-devel-linux-x86_64-debian-gcc | 2.2.0 | 6.47 | 399.35 | 405.82 | NOTE | |
| r-devel-linux-x86_64-fedora-clang | 2.2.0 | 40.00 | 987.84 | 1027.84 | NOTE | |
| r-devel-linux-x86_64-fedora-gcc | 2.2.0 | 52.00 | 956.74 | 1008.74 | NOTE | |
| r-devel-windows-x86_64 | 2.2.0 | 12.00 | 475.00 | 487.00 | NOTE | |
| r-patched-linux-x86_64 | 2.2.0 | 8.54 | 565.54 | 574.08 | OK | |
| r-release-linux-x86_64 | 2.2.0 | 8.15 | 564.08 | 572.23 | OK | |
| r-release-macos-arm64 | 2.2.0 | 4.00 | 298.00 | 302.00 | OK | |
| r-release-macos-x86_64 | 2.2.0 | 9.00 | 480.00 | 489.00 | OK | |
| r-release-windows-x86_64 | 2.2.0 | 11.00 | 470.00 | 481.00 | OK | |
| r-oldrel-macos-arm64 | 2.2.0 | 4.00 | 278.00 | 282.00 | OK | |
| r-oldrel-macos-x86_64 | 2.2.0 | 8.00 | 414.00 | 422.00 | OK | |
| r-oldrel-windows-x86_64 | 2.2.0 | 14.00 | 693.00 | 707.00 | OK |
Version: 2.2.0
Check: Rd files
Result: NOTE
checkRd: (-1) tblGroup.Rd:21: height/width attributes should be in pixels
Flavors: r-devel-linux-x86_64-debian-clang, r-devel-linux-x86_64-debian-gcc, r-devel-linux-x86_64-fedora-clang, r-devel-linux-x86_64-fedora-gcc, r-devel-windows-x86_64
These binaries (installable software) and packages are in development.
They may not be fully stable and should be used with caution. We make no claims about them.