CRAN Package Check Results for Package CDatanet

Last updated on 2025-05-08 04:52:00 CEST.

Flavor Version Tinstall Tcheck Ttotal Status Flags
r-devel-linux-x86_64-debian-clang 2.2.1 179.01 72.42 251.43 OK
r-devel-linux-x86_64-debian-gcc 2.2.1 149.83 56.97 206.80 OK
r-devel-linux-x86_64-fedora-clang 2.2.1 429.55 OK
r-devel-linux-x86_64-fedora-gcc 2.2.1 560.64 OK
r-devel-windows-x86_64 2.2.1 203.00 119.00 322.00 OK
r-patched-linux-x86_64 2.2.1 185.64 75.01 260.65 OK
r-release-linux-x86_64 2.2.1 186.35 74.71 261.06 OK
r-release-macos-arm64 2.2.1 104.00 OK
r-release-macos-x86_64 2.2.1 138.00 OK
r-release-windows-x86_64 2.2.1 197.00 116.00 313.00 OK
r-oldrel-macos-arm64 2.2.1 114.00 NOTE
r-oldrel-macos-x86_64 2.2.1 158.00 NOTE
r-oldrel-windows-x86_64 2.2.1 242.00 141.00 383.00 OK

Check Details

Version: 2.2.1
Check: installed package size
Result: NOTE installed size is 24.5Mb sub-directories of 1Mb or more: libs 24.1Mb Flavors: r-oldrel-macos-arm64, r-oldrel-macos-x86_64

These binaries (installable software) and packages are in development.
They may not be fully stable and should be used with caution. We make no claims about them.