CRAN Package Check Results for Package CERFIT

Last updated on 2025-05-21 21:49:12 CEST.

Flavor Version Tinstall Tcheck Ttotal Status Flags
r-devel-linux-x86_64-debian-clang 0.1.0 28.72 64.35 93.07 NOTE
r-devel-linux-x86_64-debian-gcc 0.1.0 20.66 48.98 69.64 NOTE
r-devel-linux-x86_64-fedora-clang 0.1.0 167.00 NOTE
r-devel-linux-x86_64-fedora-gcc 0.1.0 153.70 NOTE
r-devel-windows-x86_64 0.1.0 37.00 93.00 130.00 NOTE
r-patched-linux-x86_64 0.1.0 29.71 60.64 90.35 NOTE
r-release-linux-x86_64 0.1.0 27.49 61.16 88.65 NOTE
r-release-macos-arm64 0.1.0 44.00 NOTE
r-release-macos-x86_64 0.1.0 76.00 NOTE
r-release-windows-x86_64 0.1.0 36.00 92.00 128.00 NOTE
r-oldrel-macos-arm64 0.1.0 41.00 NOTE
r-oldrel-macos-x86_64 0.1.0 69.00 NOTE
r-oldrel-windows-x86_64 0.1.0 44.00 118.00 162.00 NOTE

Check Details

Version: 0.1.0
Check: C++ specification
Result: NOTE Specified C++11: please drop specification unless essential Flavors: r-devel-linux-x86_64-debian-clang, r-devel-linux-x86_64-debian-gcc, r-devel-linux-x86_64-fedora-clang, r-devel-linux-x86_64-fedora-gcc, r-devel-windows-x86_64, r-patched-linux-x86_64, r-release-linux-x86_64, r-release-macos-arm64, r-release-macos-x86_64, r-release-windows-x86_64, r-oldrel-macos-arm64, r-oldrel-macos-x86_64, r-oldrel-windows-x86_64

These binaries (installable software) and packages are in development.
They may not be fully stable and should be used with caution. We make no claims about them.