Last updated on 2025-05-01 14:49:06 CEST.
Flavor | Version | Tinstall | Tcheck | Ttotal | Status | Flags |
---|---|---|---|---|---|---|
r-devel-linux-x86_64-debian-clang | 0.9.1 | 9.81 | 303.12 | 312.93 | NOTE | |
r-devel-linux-x86_64-debian-gcc | 0.9.1 | 6.80 | 215.59 | 222.39 | OK | |
r-devel-linux-x86_64-fedora-clang | 0.9.1 | 469.24 | OK | |||
r-devel-linux-x86_64-fedora-gcc | 0.9.1 | 513.42 | OK | |||
r-devel-windows-x86_64 | 0.9.1 | 12.00 | 339.00 | 351.00 | OK | |
r-patched-linux-x86_64 | 0.9.1 | 10.55 | 302.20 | 312.75 | OK | |
r-release-linux-x86_64 | OK | |||||
r-release-macos-arm64 | 0.9.1 | 199.00 | OK | |||
r-release-macos-x86_64 | 0.9.1 | 298.00 | OK | |||
r-release-windows-x86_64 | 0.9.1 | 11.00 | 341.00 | 352.00 | OK | |
r-oldrel-macos-arm64 | 0.9.1 | 206.00 | OK | |||
r-oldrel-macos-x86_64 | 0.9.1 | 291.00 | OK | |||
r-oldrel-windows-x86_64 | 0.9.1 | 15.00 | 428.00 | 443.00 | OK |
Version: 0.9.1
Check: examples
Result: NOTE
Examples with CPU (user + system) or elapsed time > 5s
user system elapsed
Cluster_Gauss_Newton_Bootstrap_method 4.254 0.143 6.444
plot_paraDistribution_byViolinPlots 4.237 0.031 5.825
Flavor: r-devel-linux-x86_64-debian-clang
These binaries (installable software) and packages are in development.
They may not be fully stable and should be used with caution. We make no claims about them.