CRAN Package Check Results for Package CGP

Last updated on 2025-10-09 21:50:12 CEST.

Flavor Version Tinstall Tcheck Ttotal Status Flags
r-devel-linux-x86_64-debian-clang 2.1-1 1.92 20.72 22.64 NOTE
r-devel-linux-x86_64-debian-gcc 2.1-1 1.69 16.39 18.08 NOTE
r-devel-linux-x86_64-fedora-clang 2.1-1 33.50 OK
r-devel-linux-x86_64-fedora-gcc 2.1-1 32.03 OK
r-devel-windows-x86_64 2.1-1 3.00 38.00 41.00 OK
r-patched-linux-x86_64 2.1-1 2.10 19.27 21.37 OK
r-release-linux-x86_64 2.1-1 1.99 19.68 21.67 OK
r-release-macos-arm64 2.1-1 17.00 OK
r-release-macos-x86_64 2.1-1 24.00 OK
r-release-windows-x86_64 2.1-1 4.00 38.00 42.00 OK
r-oldrel-macos-arm64 2.1-1 21.00 OK
r-oldrel-macos-x86_64 2.1-1 23.00 OK
r-oldrel-windows-x86_64 2.1-1 3.00 38.00 41.00 OK

Check Details

Version: 2.1-1
Check: CRAN incoming feasibility
Result: NOTE Maintainer: ‘Shan Ba <shanbatr@gmail.com>’ No Authors@R field in DESCRIPTION. Please add one, modifying Authors@R: c(person(given = "Shan", family = "Ba", role = c("aut", "cre"), email = "shanbatr@gmail.com"), person(given = c("V.", "Roshan"), family = "Joseph", role = "aut")) as necessary. Flavors: r-devel-linux-x86_64-debian-clang, r-devel-linux-x86_64-debian-gcc

These binaries (installable software) and packages are in development.
They may not be fully stable and should be used with caution. We make no claims about them.