CRAN Package Check Results for Package CHNOSZ

Last updated on 2025-11-11 17:49:54 CET.

Flavor Version Tinstall Tcheck Ttotal Status Flags
r-devel-linux-x86_64-debian-clang 2.2.0 18.96 366.17 385.13 NOTE
r-devel-linux-x86_64-debian-gcc 2.2.0 13.77 239.04 252.81 NOTE
r-devel-linux-x86_64-fedora-clang 2.2.0 44.00 -43.50 0.50 NOTE
r-devel-linux-x86_64-fedora-gcc 2.2.0 45.00 560.81 605.81 NOTE
r-devel-windows-x86_64 2.2.0 22.00 543.00 565.00 NOTE
r-patched-linux-x86_64 2.2.0 19.18 342.97 362.15 OK
r-release-linux-x86_64 2.2.0 15.30 341.13 356.43 OK
r-release-macos-arm64 2.2.0 11.00 211.00 222.00 OK
r-release-macos-x86_64 2.2.0 24.00 433.00 457.00 OK
r-release-windows-x86_64 2.2.0 23.00 532.00 555.00 OK
r-oldrel-macos-arm64 2.2.0 11.00 189.00 200.00 OK
r-oldrel-macos-x86_64 2.2.0 22.00 428.00 450.00 NOTE
r-oldrel-windows-x86_64 2.2.0 26.00 662.00 688.00 OK

Check Details

Version: 2.2.0
Check: Rd files
Result: NOTE checkRd: (-1) Berman.Rd:43-64: Only 3 columns allowed in this table (row 1 has 2) checkRd: (-1) Berman.Rd:43-64: Only 3 columns allowed in this table (row 2 has 2) checkRd: (-1) Berman.Rd:43-64: Only 3 columns allowed in this table (row 3 has 2) checkRd: (-1) Berman.Rd:43-64: Only 3 columns allowed in this table (row 4 has 2) checkRd: (-1) Berman.Rd:43-64: Only 3 columns allowed in this table (row 5 has 2) checkRd: (-1) Berman.Rd:43-64: Only 3 columns allowed in this table (row 6 has 2) checkRd: (-1) Berman.Rd:43-64: Only 3 columns allowed in this table (row 7 has 2) checkRd: (-1) Berman.Rd:43-64: Only 3 columns allowed in this table (row 8 has 2) checkRd: (-1) Berman.Rd:43-64: Only 3 columns allowed in this table (row 9 has 2) checkRd: (-1) Berman.Rd:43-64: Only 3 columns allowed in this table (row 10 has 2) checkRd: (-1) Berman.Rd:43-64: Only 3 columns allowed in this table (row 11 has 2) checkRd: (-1) Berman.Rd:43-64: Only 3 columns allowed in this table (row 12 has 2) checkRd: (-1) Berman.Rd:43-64: Only 3 columns allowed in this table (row 13 has 2) checkRd: (-1) Berman.Rd:43-64: Only 3 columns allowed in this table (row 14 has 2) checkRd: (-1) Berman.Rd:43-64: Only 3 columns allowed in this table (row 15 has 2) checkRd: (-1) Berman.Rd:43-64: Only 3 columns allowed in this table (row 16 has 2) checkRd: (-1) Berman.Rd:43-64: Only 3 columns allowed in this table (row 17 has 2) checkRd: (-1) Berman.Rd:43-64: Only 3 columns allowed in this table (row 18 has 2) checkRd: (-1) Berman.Rd:43-64: Only 3 columns allowed in this table (row 19 has 2) checkRd: (-1) Berman.Rd:43-64: Only 3 columns allowed in this table (row 20 has 2) Flavors: r-devel-linux-x86_64-debian-clang, r-devel-linux-x86_64-debian-gcc, r-devel-linux-x86_64-fedora-clang, r-devel-linux-x86_64-fedora-gcc, r-devel-windows-x86_64

Version: 2.2.0
Check: installed package size
Result: NOTE installed size is 5.0Mb sub-directories of 1Mb or more: doc 2.0Mb extdata 1.1Mb Flavor: r-oldrel-macos-x86_64

These binaries (installable software) and packages are in development.
They may not be fully stable and should be used with caution. We make no claims about them.