CRAN Package Check Results for Package CHNOSZ

Last updated on 2025-07-26 21:49:48 CEST.

Flavor Version Tinstall Tcheck Ttotal Status Flags
r-devel-linux-x86_64-debian-clang 2.2.0 19.54 359.73 379.27 OK
r-devel-linux-x86_64-debian-gcc 2.2.0 12.20 236.60 248.80 OK
r-devel-linux-x86_64-fedora-clang 2.2.0 586.12 OK
r-devel-linux-x86_64-fedora-gcc 2.2.0 590.03 OK
r-devel-windows-x86_64 2.2.0 24.00 545.00 569.00 OK
r-patched-linux-x86_64 2.2.0 19.41 339.73 359.14 OK
r-release-linux-x86_64 2.2.0 15.36 337.81 353.17 OK
r-release-macos-arm64 2.2.0 222.00 OK
r-release-macos-x86_64 2.2.0 457.00 OK
r-release-windows-x86_64 2.2.0 26.00 534.00 560.00 OK
r-oldrel-macos-arm64 2.2.0 200.00 OK
r-oldrel-macos-x86_64 2.2.0 450.00 NOTE
r-oldrel-windows-x86_64 2.2.0 30.00 644.00 674.00 OK

Check Details

Version: 2.2.0
Check: installed package size
Result: NOTE installed size is 5.0Mb sub-directories of 1Mb or more: doc 2.0Mb extdata 1.1Mb Flavor: r-oldrel-macos-x86_64

These binaries (installable software) and packages are in development.
They may not be fully stable and should be used with caution. We make no claims about them.