CRAN Package Check Results for Package CIAAWconsensus

Last updated on 2025-02-19 18:50:59 CET.

Flavor Version Tinstall Tcheck Ttotal Status Flags
r-devel-linux-x86_64-debian-clang 1.3 2.22 26.86 29.08 OK
r-devel-linux-x86_64-debian-gcc 1.3 1.72 20.60 22.32 OK
r-devel-linux-x86_64-fedora-clang 1.3 50.25 NOTE
r-devel-linux-x86_64-fedora-gcc 1.3 45.93 NOTE
r-devel-macos-arm64 1.3 20.00 OK
r-devel-macos-x86_64 1.3 33.00 OK
r-devel-windows-x86_64 1.3 4.00 53.00 57.00 OK
r-patched-linux-x86_64 1.3 2.24 26.16 28.40 OK
r-release-linux-x86_64 1.3 1.82 25.78 27.60 OK
r-release-macos-arm64 1.3 18.00 OK
r-release-macos-x86_64 1.3 27.00 OK
r-release-windows-x86_64 1.3 4.00 54.00 58.00 OK
r-oldrel-macos-arm64 1.3 27.00 OK
r-oldrel-macos-x86_64 1.3 28.00 OK
r-oldrel-windows-x86_64 1.3 4.00 59.00 63.00 OK

Check Details

Version: 1.3
Check: dependencies in R code
Result: NOTE Namespaces in Imports field not imported from: ‘Matrix’ ‘stringr’ All declared Imports should be used. Flavors: r-devel-linux-x86_64-fedora-clang, r-devel-linux-x86_64-fedora-gcc

These binaries (installable software) and packages are in development.
They may not be fully stable and should be used with caution. We make no claims about them.