Last updated on 2025-02-16 10:50:43 CET.
Flavor | Version | Tinstall | Tcheck | Ttotal | Status | Flags |
---|---|---|---|---|---|---|
r-devel-linux-x86_64-debian-clang | 0.1.0 | 8.25 | 104.86 | 113.11 | OK | |
r-devel-linux-x86_64-debian-gcc | 0.1.0 | 5.25 | 76.00 | 81.25 | OK | |
r-devel-linux-x86_64-fedora-clang | 0.1.0 | 185.66 | OK | |||
r-devel-linux-x86_64-fedora-gcc | 0.1.0 | 179.71 | OK | |||
r-devel-macos-arm64 | 0.1.0 | 51.00 | OK | |||
r-devel-macos-x86_64 | 0.1.0 | 75.00 | NOTE | |||
r-devel-windows-x86_64 | 0.1.0 | 9.00 | 121.00 | 130.00 | OK | |
r-patched-linux-x86_64 | 0.1.0 | 7.27 | 95.77 | 103.04 | OK | |
r-release-linux-x86_64 | 0.1.0 | 7.20 | 96.00 | 103.20 | OK | |
r-release-macos-arm64 | 0.1.0 | 46.00 | NOTE | |||
r-release-macos-x86_64 | 0.1.0 | 87.00 | NOTE | |||
r-release-windows-x86_64 | 0.1.0 | 11.00 | 129.00 | 140.00 | NOTE | |
r-oldrel-macos-arm64 | 0.1.0 | 57.00 | NOTE | |||
r-oldrel-macos-x86_64 | 0.1.0 | 57.00 | NOTE | |||
r-oldrel-windows-x86_64 | 0.1.0 | 12.00 | 145.00 | 157.00 | NOTE |
Version: 0.1.0
Check: re-building of vignette outputs
Result: NOTE
Note: skipping ‘CIARA.Rmd’ due to unavailable dependencies: 'Seurat'
Flavors: r-devel-macos-x86_64, r-oldrel-macos-x86_64
Version: 0.1.0
Check: installed package size
Result: NOTE
installed size is 8.0Mb
sub-directories of 1Mb or more:
doc 5.7Mb
extdata 2.1Mb
Flavors: r-release-macos-arm64, r-release-macos-x86_64, r-release-windows-x86_64, r-oldrel-macos-arm64, r-oldrel-macos-x86_64, r-oldrel-windows-x86_64
Version: 0.1.0
Check: package dependencies
Result: NOTE
Packages suggested but not available for checking: 'clustree', 'Seurat'
Flavor: r-oldrel-macos-x86_64
These binaries (installable software) and packages are in development.
They may not be fully stable and should be used with caution. We make no claims about them.