Last updated on 2025-05-01 10:50:06 CEST.
Flavor | Version | Tinstall | Tcheck | Ttotal | Status | Flags |
---|---|---|---|---|---|---|
r-devel-linux-x86_64-debian-clang | 1.1.1 | 10.19 | 80.22 | 90.41 | NOTE | |
r-devel-linux-x86_64-debian-gcc | 1.1.1 | 7.04 | 54.39 | 61.43 | NOTE | |
r-devel-linux-x86_64-fedora-clang | 1.1.1 | 140.19 | OK | |||
r-devel-linux-x86_64-fedora-gcc | 1.1.1 | 135.71 | OK | |||
r-devel-windows-x86_64 | 1.1.1 | 14.00 | 87.00 | 101.00 | OK | |
r-patched-linux-x86_64 | 1.1.1 | 10.89 | 74.83 | 85.72 | OK | |
r-release-linux-x86_64 | OK | |||||
r-release-macos-arm64 | 1.1.1 | 35.00 | OK | |||
r-release-macos-x86_64 | 1.1.1 | 67.00 | OK | |||
r-release-windows-x86_64 | 1.1.1 | 16.00 | 89.00 | 105.00 | OK | |
r-oldrel-macos-arm64 | 1.1.1 | 45.00 | OK | |||
r-oldrel-macos-x86_64 | 1.1.1 | 96.00 | OK | |||
r-oldrel-windows-x86_64 | 1.1.1 | 17.00 | 111.00 | 128.00 | OK |
Version: 1.1.1
Check: CRAN incoming feasibility
Result: NOTE
Maintainer: ‘Jeffrey Durieux <durieux.jeffrey@gmail.com>’
No Authors@R field in DESCRIPTION.
Please add one, modifying
Authors@R: c(person(given = "Jeffrey",
family = "Durieux",
role = c("aut", "cre"),
email = "durieux.jeffrey@gmail.com"),
person(given = "Tom",
family = "Wilderjans",
role = "aut"),
person(given = c("Juan", "Claramunt"),
family = "Gonzalez",
role = "ctb"))
as necessary.
Flavors: r-devel-linux-x86_64-debian-clang, r-devel-linux-x86_64-debian-gcc
These binaries (installable software) and packages are in development.
They may not be fully stable and should be used with caution. We make no claims about them.