Last updated on 2025-07-22 19:51:44 CEST.
Flavor | Version | Tinstall | Tcheck | Ttotal | Status | Flags |
---|---|---|---|---|---|---|
r-devel-linux-x86_64-debian-clang | 1.1.1 | 10.65 | 81.27 | 91.92 | NOTE | |
r-devel-linux-x86_64-debian-gcc | 1.1.1 | 6.64 | 55.62 | 62.26 | NOTE | |
r-devel-linux-x86_64-fedora-clang | 1.1.1 | 143.55 | OK | |||
r-devel-linux-x86_64-fedora-gcc | 1.1.1 | 132.26 | OK | |||
r-devel-windows-x86_64 | 1.1.1 | 12.00 | 90.00 | 102.00 | OK | |
r-patched-linux-x86_64 | 1.1.1 | 11.20 | 75.19 | 86.39 | OK | |
r-release-linux-x86_64 | 1.1.1 | 10.89 | 74.41 | 85.30 | OK | |
r-release-macos-arm64 | 1.1.1 | 35.00 | OK | |||
r-release-macos-x86_64 | 1.1.1 | 67.00 | OK | |||
r-release-windows-x86_64 | 1.1.1 | 12.00 | 89.00 | 101.00 | OK | |
r-oldrel-macos-arm64 | 1.1.1 | 45.00 | OK | |||
r-oldrel-macos-x86_64 | 1.1.1 | 96.00 | OK | |||
r-oldrel-windows-x86_64 | 1.1.1 | 18.00 | 111.00 | 129.00 | OK |
Version: 1.1.1
Check: CRAN incoming feasibility
Result: NOTE
Maintainer: ‘Jeffrey Durieux <durieux.jeffrey@gmail.com>’
No Authors@R field in DESCRIPTION.
Please add one, modifying
Authors@R: c(person(given = "Jeffrey",
family = "Durieux",
role = c("aut", "cre"),
email = "durieux.jeffrey@gmail.com"),
person(given = "Tom",
family = "Wilderjans",
role = "aut"),
person(given = c("Juan", "Claramunt"),
family = "Gonzalez",
role = "ctb"))
as necessary.
Flavors: r-devel-linux-x86_64-debian-clang, r-devel-linux-x86_64-debian-gcc
These binaries (installable software) and packages are in development.
They may not be fully stable and should be used with caution. We make no claims about them.